{"id":10443,"date":"2025-09-22T07:31:02","date_gmt":"2025-09-22T05:31:02","guid":{"rendered":"https:\/\/histoire-en-citations.fr\/WP\/charles-x\/"},"modified":"2025-09-22T07:31:02","modified_gmt":"2025-09-22T05:31:02","slug":"charles-x","status":"publish","type":"page","link":"https:\/\/histoire-en-citations.fr\/WP\/charles-x\/","title":{"rendered":"Charles\u00a0X"},"content":{"rendered":"<div class=\"content\">\n<div class=\"view view-index-taxo view-id-index_taxo view-display-id-page view-dom-id-9a54657b1fa6a440ad391ed17bd34431\">\n<div class=\"view-header\">       Affichage de 1 \u2013 11 sur 11.    <\/div>\n<div class=\"view-content\">\n<div class=\"views-row views-row-1 views-row-odd views-row-first\">\n<div class=\"views-field views-field-field-index-collection\">\n<div class=\"field-content\">\n<div class=\"field-collection-view clearfix view-mode-full field-collection-view-final\">\n<div class=\"entity entity-field-collection-item field-collection-item-field-index-collection clearfix\">\n<div class=\"content\">\n<blockquote>\n<p class=\"citation-small\"><a href=\"https:\/\/histoire-en-citations.fr\/WP\/lhistoire-en-caricatures-de-la-restauration-a-la-monarchie-de-juillet#1908\">\u00ab\u00a0Vous vous plaignez d\u2019un roi sans jambes, vous verrez ce que c\u2019est qu\u2019un roi sans t\u00eate.\u00a0\u00bb<\/a><\/p>\n<p class=\"auteur\"><span class=\"author\"><span class=\"name\">LOUIS XVIII<\/span><\/span> (1755-1824), qui ne conna\u00eet que trop bien son fr\u00e8re, le comte d\u2019Artois<\/p>\n\n<\/blockquote><\/div>\n<\/div>\n<\/div>\n<\/div><\/div>\n<\/div>\n<div class=\"views-row views-row-2 views-row-even\">\n<div class=\"views-field views-field-field-index-collection\">\n<div class=\"field-content\">\n<div class=\"field-collection-view clearfix view-mode-full field-collection-view-final\">\n<div class=\"entity entity-field-collection-item field-collection-item-field-index-collection clearfix\">\n<div class=\"content\">\n<blockquote>\n<p class=\"citation-small\"><a href=\"https:\/\/histoire-en-citations.fr\/WP\/qui-a-dit-quoi-de-qui-restauration-et-monarchie-de-juillet#1911\">\u00ab\u00a0J\u2019ai mes vieilles id\u00e9es, je veux mourir avec elles.\u00a0\u00bb<\/a><\/p>\n<p class=\"auteur\"><span class=\"author\"><span class=\"name\">CHARLES\u00a0X<\/span><\/span> (1757-1836), sentence souvent r\u00e9p\u00e9t\u00e9e, qui r\u00e9sume le personnage<\/p>\n\n<\/blockquote><\/div>\n<\/div>\n<\/div>\n<\/div><\/div>\n<\/div>\n<div class=\"views-row views-row-3 views-row-odd\">\n<div class=\"views-field views-field-field-index-collection\">\n<div class=\"field-content\">\n<div class=\"field-collection-view clearfix view-mode-full field-collection-view-final\">\n<div class=\"entity entity-field-collection-item field-collection-item-field-index-collection clearfix\">\n<div class=\"content\">\n<blockquote>\n<p class=\"citation-small\"><a href=\"https:\/\/histoire-en-citations.fr\/WP\/qui-a-dit-quoi-de-qui-restauration-et-monarchie-de-juillet#1979\">\u00ab\u00a0Le r\u00e8gne du roi est fini, celui de son successeur commence.\u00a0\u00bb<\/a><\/p>\n<p class=\"auteur\"><span class=\"author\"><span class=\"surname\">Duc de <\/span><span class=\"name\">BROGLIE<\/span><\/span> (1785-1870), apr\u00e8s la chute du minist\u00e8re Decazes, fin f\u00e9vrier\u00a01820<\/p>\n\n<\/blockquote><\/div>\n<\/div>\n<\/div>\n<\/div><\/div>\n<\/div>\n<div class=\"views-row views-row-4 views-row-even\">\n<div class=\"views-field views-field-field-index-collection\">\n<div class=\"field-content\">\n<div class=\"field-collection-view clearfix view-mode-full field-collection-view-final\">\n<div class=\"entity entity-field-collection-item field-collection-item-field-index-collection clearfix\">\n<div class=\"content\">\n<blockquote>\n<p class=\"citation-small\"><a href=\"https:\/\/histoire-en-citations.fr\/WP\/qui-a-dit-quoi-de-qui-restauration-et-monarchie-de-juillet#1986\">\u00ab\u00a0Que voulez-vous\u00a0? Il a conspir\u00e9 contre Louis\u00a0XVI, il a conspir\u00e9 contre moi, il conspirera contre lui-m\u00eame.\u00a0\u00bb<\/a><\/p>\n<p class=\"auteur\"><span class=\"author\"><span class=\"name\">LOUIS XVIII<\/span><\/span> (1755-1824), parlant de son fr\u00e8re au duc de Richelieu, 12\u00a0d\u00e9cembre\u00a01821<\/p>\n\n<\/blockquote><\/div>\n<\/div>\n<\/div>\n<\/div><\/div>\n<\/div>\n<div class=\"views-row views-row-5 views-row-odd\">\n<div class=\"views-field views-field-field-index-collection\">\n<div class=\"field-content\">\n<div class=\"field-collection-view clearfix view-mode-full field-collection-view-final\">\n<div class=\"entity entity-field-collection-item field-collection-item-field-index-collection clearfix\">\n<div class=\"content\">\n<blockquote>\n<p class=\"citation-small\"><a href=\"https:\/\/histoire-en-citations.fr\/WP\/portrait-de-louis-xviii-en-citations#1988\">\u00ab\u00a0En somme, le roi a voulu voir de son vivant comment cela irait apr\u00e8s sa mort, et il a constitu\u00e9 le premier cabinet de Monsieur\u00a0!\u00a0\u00bb<\/a><\/p>\n<p class=\"auteur\"><span class=\"author\"><span class=\"surname\">Marquis de <\/span><span class=\"name\">S\u00c9MONVILLE<\/span><\/span> (1759-1839)<\/p>\n\n<\/blockquote><\/div>\n<\/div>\n<\/div>\n<\/div><\/div>\n<\/div>\n<div class=\"views-row views-row-6 views-row-even\">\n<div class=\"views-field views-field-field-index-collection\">\n<div class=\"field-content\">\n<div class=\"field-collection-view clearfix view-mode-full field-collection-view-final\">\n<div class=\"entity entity-field-collection-item field-collection-item-field-index-collection clearfix\">\n<div class=\"content\">\n<blockquote>\n<p class=\"citation-small\"><a href=\"https:\/\/histoire-en-citations.fr\/WP\/lhistoire-en-caricatures-de-la-restauration-a-la-monarchie-de-juillet#1996\">\u00ab\u00a0J\u2019aimerais mieux scier du bois que de r\u00e9gner \u00e0 la fa\u00e7on du roi d\u2019Angleterre.\u00a0\u00bb<\/a><\/p>\n<p class=\"auteur\"><span class=\"author\"><span class=\"name\">CHARLES\u00a0X<\/span><\/span> (1757-1836)<\/p>\n\n<\/blockquote><\/div>\n<\/div>\n<\/div>\n<\/div><\/div>\n<\/div>\n<div class=\"views-row views-row-7 views-row-odd\">\n<div class=\"views-field views-field-field-index-collection\">\n<div class=\"field-content\">\n<div class=\"field-collection-view clearfix view-mode-full field-collection-view-final\">\n<div class=\"entity entity-field-collection-item field-collection-item-field-index-collection clearfix\">\n<div class=\"content\">\n<blockquote>\n<p class=\"citation-small\"><a href=\"https:\/\/histoire-en-citations.fr\/WP\/lhistoire-en-caricatures-de-la-restauration-a-la-monarchie-de-juillet#1998\">\u00ab\u00a0Une belle f\u00eate costum\u00e9e \u00e0 la gothique.\u00a0\u00bb<\/a><\/p>\n<p class=\"auteur\">Le mot qui circule dans le pays<\/p>\n\n<\/blockquote><\/div>\n<\/div>\n<\/div>\n<\/div><\/div>\n<\/div>\n<div class=\"views-row views-row-8 views-row-even\">\n<div class=\"views-field views-field-field-index-collection\">\n<div class=\"field-content\">\n<div class=\"field-collection-view clearfix view-mode-full field-collection-view-final\">\n<div class=\"entity entity-field-collection-item field-collection-item-field-index-collection clearfix\">\n<div class=\"content\">\n<blockquote>\n<p class=\"citation-small\"><a href=\"https:\/\/histoire-en-citations.fr\/WP\/portrait-de-charles-x-en-citations#2005\">\u00ab\u00a0Je suis venu ici pour recevoir des hommages, non des le\u00e7ons\u00a0!\u00a0\u00bb<\/a><\/p>\n<p class=\"auteur\"><span class=\"author\"><span class=\"name\">CHARLES\u00a0X<\/span><\/span> (1757-1836), passant en revue la garde nationale, 25\u00a0avril 1827<\/p>\n\n<\/blockquote><\/div>\n<\/div>\n<\/div>\n<\/div><\/div>\n<\/div>\n<div class=\"views-row views-row-9 views-row-odd\">\n<div class=\"views-field views-field-field-index-collection\">\n<div class=\"field-content\">\n<div class=\"field-collection-view clearfix view-mode-full field-collection-view-final\">\n<div class=\"entity entity-field-collection-item field-collection-item-field-index-collection clearfix\">\n<div class=\"content\">\n<blockquote>\n<p class=\"citation-small\"><a href=\"https:\/\/histoire-en-citations.fr\/WP\/qui-a-dit-quoi-de-qui-restauration-et-monarchie-de-juillet#2012\">\u00ab\u00a0Je ne veux pas monter en charrette comme mon fr\u00e8re\u00a0!\u00a0\u00bb<\/a><\/p>\n<p class=\"auteur\"><span class=\"author\"><span class=\"name\">CHARLES\u00a0X<\/span><\/span> (1757-1836), hant\u00e9 par le souvenir de Louis\u00a0XVI guillotin\u00e9 en 1793<\/p>\n\n<\/blockquote><\/div>\n<\/div>\n<\/div>\n<\/div><\/div>\n<\/div>\n<div class=\"views-row views-row-10 views-row-even\">\n<div class=\"views-field views-field-field-index-collection\">\n<div class=\"field-content\">\n<div class=\"field-collection-view clearfix view-mode-full field-collection-view-final\">\n<div class=\"entity entity-field-collection-item field-collection-item-field-index-collection clearfix\">\n<div class=\"content\">\n<blockquote>\n<p class=\"citation-small\"><a href=\"https:\/\/histoire-en-citations.fr\/WP\/qui-a-dit-quoi-de-qui-restauration-et-monarchie-de-juillet#2013\">\u00ab\u00a0Un roi qu\u2019on menace n\u2019a de choix qu\u2019entre le tr\u00f4ne et l\u2019\u00e9chafaud\u00a0!\u2014 Sire, Votre Majest\u00e9 oublie la chaise de poste\u00a0!\u00a0\u00bb<\/a><\/p>\n<p class=\"auteur\"><span class=\"author\"><span class=\"name\">TALLEYRAND<\/span><\/span> (1754-1838), \u00e0 <span class=\"author\"><span class=\"name\">CHARLES\u00a0X<\/span><\/span> (1757-1836)<\/p>\n\n<\/blockquote><\/div>\n<\/div>\n<\/div>\n<\/div><\/div>\n<\/div>\n<div class=\"views-row views-row-11 views-row-odd views-row-last\">\n<div class=\"views-field views-field-field-index-collection\">\n<div class=\"field-content\">\n<div class=\"field-collection-view clearfix view-mode-full field-collection-view-final\">\n<div class=\"entity entity-field-collection-item field-collection-item-field-index-collection clearfix\">\n<div class=\"content\">\n<blockquote>\n<p class=\"citation-small\"><a href=\"https:\/\/histoire-en-citations.fr\/WP\/lhistoire-en-chantant-de-napoleon-a-la-monarchie-de-juillet#2085\">\u00ab\u00a0Est-il bien vrai, mes chers amis Qu\u2019on ait d\u00e9tr\u00f4n\u00e9 Charles Dix\u00a0? Dites-moi donc o\u00f9 nous en sommes\u00a0? Dans les emplois les plus marquants, Je vois toujours les m\u00eames hommes, J\u2019ai donc dormi pendant cinq ans\u00a0?\u00a0\u00bb<\/a><\/p>\n<p class=\"auteur\"><cite>Le B\u00e9otien de Paris<\/cite> (1835), chanson<\/p>\n\n<\/blockquote><\/div>\n<\/div>\n<\/div>\n<\/div><\/div>\n<\/div>\n<\/div>\n<\/div>\n<\/div>\n<style>\r\n        a .cit-num {\r\n            text-decoration: none !important;\r\n            color: inherit !important;\r\n        }\r\n    <\/style>","protected":false},"excerpt":{"rendered":"<p>Affichage de 1 &#8211; 11 sur 11. \u00ab&nbsp;Vous vous plaignez d&rsquo;un roi sans jambes, vous verrez ce que c&rsquo;est qu&rsquo;un roi sans t\u00eate.&nbsp;\u00bb1908LOUIS XVIII (1755-1824), qui ne conna\u00eet que trop bien son fr\u00e8re, le comte d\u2019Artois \u00ab&nbsp;J\u2019ai mes vieilles id\u00e9es, je veux mourir avec elles.&nbsp;\u00bb1911CHARLES\u00a0X (1757-1836), sentence souvent r\u00e9p\u00e9t\u00e9e, qui r\u00e9sume le personnage \u00ab&nbsp;Le r\u00e8gne [&#8230;]<\/p>\n","protected":false},"author":1,"featured_media":0,"parent":0,"menu_order":0,"comment_status":"closed","ping_status":"closed","template":"","meta":{"site-sidebar-layout":"default","site-content-layout":"","ast-site-content-layout":"default","site-content-style":"default","site-sidebar-style":"default","ast-global-header-display":"","ast-banner-title-visibility":"","ast-main-header-display":"","ast-hfb-above-header-display":"","ast-hfb-below-header-display":"","ast-hfb-mobile-header-display":"","site-post-title":"","ast-breadcrumbs-content":"","ast-featured-img":"","footer-sml-layout":"","theme-transparent-header-meta":"","adv-header-id-meta":"","stick-header-meta":"","header-above-stick-meta":"","header-main-stick-meta":"","header-below-stick-meta":"","astra-migrate-meta-layouts":"default","ast-page-background-enabled":"default","ast-page-background-meta":{"desktop":{"background-color":"var(--ast-global-color-5)","background-image":"","background-repeat":"repeat","background-position":"center center","background-size":"auto","background-attachment":"scroll","background-type":"","background-media":"","overlay-type":"","overlay-color":"","overlay-opacity":"","overlay-gradient":""},"tablet":{"background-color":"","background-image":"","background-repeat":"repeat","background-position":"center center","background-size":"auto","background-attachment":"scroll","background-type":"","background-media":"","overlay-type":"","overlay-color":"","overlay-opacity":"","overlay-gradient":""},"mobile":{"background-color":"","background-image":"","background-repeat":"repeat","background-position":"center center","background-size":"auto","background-attachment":"scroll","background-type":"","background-media":"","overlay-type":"","overlay-color":"","overlay-opacity":"","overlay-gradient":""}},"ast-content-background-meta":{"desktop":{"background-color":"var(--ast-global-color-4)","background-image":"","background-repeat":"repeat","background-position":"center center","background-size":"auto","background-attachment":"scroll","background-type":"","background-media":"","overlay-type":"","overlay-color":"","overlay-opacity":"","overlay-gradient":""},"tablet":{"background-color":"var(--ast-global-color-4)","background-image":"","background-repeat":"repeat","background-position":"center center","background-size":"auto","background-attachment":"scroll","background-type":"","background-media":"","overlay-type":"","overlay-color":"","overlay-opacity":"","overlay-gradient":""},"mobile":{"background-color":"var(--ast-global-color-4)","background-image":"","background-repeat":"repeat","background-position":"center center","background-size":"auto","background-attachment":"scroll","background-type":"","background-media":"","overlay-type":"","overlay-color":"","overlay-opacity":"","overlay-gradient":""}},"iawp_total_views":49,"footnotes":""},"class_list":["post-10443","page","type-page","status-publish","hentry"],"_links":{"self":[{"href":"https:\/\/histoire-en-citations.fr\/WP\/wp-json\/wp\/v2\/pages\/10443","targetHints":{"allow":["GET"]}}],"collection":[{"href":"https:\/\/histoire-en-citations.fr\/WP\/wp-json\/wp\/v2\/pages"}],"about":[{"href":"https:\/\/histoire-en-citations.fr\/WP\/wp-json\/wp\/v2\/types\/page"}],"author":[{"embeddable":true,"href":"https:\/\/histoire-en-citations.fr\/WP\/wp-json\/wp\/v2\/users\/1"}],"replies":[{"embeddable":true,"href":"https:\/\/histoire-en-citations.fr\/WP\/wp-json\/wp\/v2\/comments?post=10443"}],"version-history":[{"count":3,"href":"https:\/\/histoire-en-citations.fr\/WP\/wp-json\/wp\/v2\/pages\/10443\/revisions"}],"predecessor-version":[{"id":13639,"href":"https:\/\/histoire-en-citations.fr\/WP\/wp-json\/wp\/v2\/pages\/10443\/revisions\/13639"}],"wp:attachment":[{"href":"https:\/\/histoire-en-citations.fr\/WP\/wp-json\/wp\/v2\/media?parent=10443"}],"curies":[{"name":"wp","href":"https:\/\/api.w.org\/{rel}","templated":true}]}}

<div class="content">
<div class="view view-index-taxo view-id-index_taxo view-display-id-page view-dom-id-9a54657b1fa6a440ad391ed17bd34431">
<div class="view-header">       Affichage de 1 – 11 sur 11.    </div>
<div class="view-content">
<div class="views-row views-row-1 views-row-odd views-row-first">
<div class="views-field views-field-field-index-collection">
<div class="field-content">
<div class="field-collection-view clearfix view-mode-full field-collection-view-final">
<div class="entity entity-field-collection-item field-collection-item-field-index-collection clearfix">
<div class="content">
<blockquote>
<p class="citation-small"><a href="https://histoire-en-citations.fr/WP/lhistoire-en-caricatures-de-la-restauration-a-la-monarchie-de-juillet#1908">« Vous vous plaignez d’un roi sans jambes, vous verrez ce que c’est qu’un roi sans tête. »</a></p>
<p class="auteur"><span class="author"><span class="name">LOUIS XVIII</span></span> (1755-1824), qui ne connaît que trop bien son frère, le comte d’Artois</p>

</blockquote></div>
</div>
</div>
</div></div>
</div>
<div class="views-row views-row-2 views-row-even">
<div class="views-field views-field-field-index-collection">
<div class="field-content">
<div class="field-collection-view clearfix view-mode-full field-collection-view-final">
<div class="entity entity-field-collection-item field-collection-item-field-index-collection clearfix">
<div class="content">
<blockquote>
<p class="citation-small"><a href="https://histoire-en-citations.fr/WP/qui-a-dit-quoi-de-qui-restauration-et-monarchie-de-juillet#1911">« J’ai mes vieilles idées, je veux mourir avec elles. »</a></p>
<p class="auteur"><span class="author"><span class="name">CHARLES X</span></span> (1757-1836), sentence souvent répétée, qui résume le personnage</p>

</blockquote></div>
</div>
</div>
</div></div>
</div>
<div class="views-row views-row-3 views-row-odd">
<div class="views-field views-field-field-index-collection">
<div class="field-content">
<div class="field-collection-view clearfix view-mode-full field-collection-view-final">
<div class="entity entity-field-collection-item field-collection-item-field-index-collection clearfix">
<div class="content">
<blockquote>
<p class="citation-small"><a href="https://histoire-en-citations.fr/WP/qui-a-dit-quoi-de-qui-restauration-et-monarchie-de-juillet#1979">« Le règne du roi est fini, celui de son successeur commence. »</a></p>
<p class="auteur"><span class="author"><span class="surname">Duc de </span><span class="name">BROGLIE</span></span> (1785-1870), après la chute du ministère Decazes, fin février 1820</p>

</blockquote></div>
</div>
</div>
</div></div>
</div>
<div class="views-row views-row-4 views-row-even">
<div class="views-field views-field-field-index-collection">
<div class="field-content">
<div class="field-collection-view clearfix view-mode-full field-collection-view-final">
<div class="entity entity-field-collection-item field-collection-item-field-index-collection clearfix">
<div class="content">
<blockquote>
<p class="citation-small"><a href="https://histoire-en-citations.fr/WP/qui-a-dit-quoi-de-qui-restauration-et-monarchie-de-juillet#1986">« Que voulez-vous ? Il a conspiré contre Louis XVI, il a conspiré contre moi, il conspirera contre lui-même. »</a></p>
<p class="auteur"><span class="author"><span class="name">LOUIS XVIII</span></span> (1755-1824), parlant de son frère au duc de Richelieu, 12 décembre 1821</p>

</blockquote></div>
</div>
</div>
</div></div>
</div>
<div class="views-row views-row-5 views-row-odd">
<div class="views-field views-field-field-index-collection">
<div class="field-content">
<div class="field-collection-view clearfix view-mode-full field-collection-view-final">
<div class="entity entity-field-collection-item field-collection-item-field-index-collection clearfix">
<div class="content">
<blockquote>
<p class="citation-small"><a href="https://histoire-en-citations.fr/WP/portrait-de-louis-xviii-en-citations#1988">« En somme, le roi a voulu voir de son vivant comment cela irait après sa mort, et il a constitué le premier cabinet de Monsieur ! »</a></p>
<p class="auteur"><span class="author"><span class="surname">Marquis de </span><span class="name">SÉMONVILLE</span></span> (1759-1839)</p>

</blockquote></div>
</div>
</div>
</div></div>
</div>
<div class="views-row views-row-6 views-row-even">
<div class="views-field views-field-field-index-collection">
<div class="field-content">
<div class="field-collection-view clearfix view-mode-full field-collection-view-final">
<div class="entity entity-field-collection-item field-collection-item-field-index-collection clearfix">
<div class="content">
<blockquote>
<p class="citation-small"><a href="https://histoire-en-citations.fr/WP/lhistoire-en-caricatures-de-la-restauration-a-la-monarchie-de-juillet#1996">« J’aimerais mieux scier du bois que de régner à la façon du roi d’Angleterre. »</a></p>
<p class="auteur"><span class="author"><span class="name">CHARLES X</span></span> (1757-1836)</p>

</blockquote></div>
</div>
</div>
</div></div>
</div>
<div class="views-row views-row-7 views-row-odd">
<div class="views-field views-field-field-index-collection">
<div class="field-content">
<div class="field-collection-view clearfix view-mode-full field-collection-view-final">
<div class="entity entity-field-collection-item field-collection-item-field-index-collection clearfix">
<div class="content">
<blockquote>
<p class="citation-small"><a href="https://histoire-en-citations.fr/WP/lhistoire-en-caricatures-de-la-restauration-a-la-monarchie-de-juillet#1998">« Une belle fête costumée à la gothique. »</a></p>
<p class="auteur">Le mot qui circule dans le pays</p>

</blockquote></div>
</div>
</div>
</div></div>
</div>
<div class="views-row views-row-8 views-row-even">
<div class="views-field views-field-field-index-collection">
<div class="field-content">
<div class="field-collection-view clearfix view-mode-full field-collection-view-final">
<div class="entity entity-field-collection-item field-collection-item-field-index-collection clearfix">
<div class="content">
<blockquote>
<p class="citation-small"><a href="https://histoire-en-citations.fr/WP/portrait-de-charles-x-en-citations#2005">« Je suis venu ici pour recevoir des hommages, non des leçons ! »</a></p>
<p class="auteur"><span class="author"><span class="name">CHARLES X</span></span> (1757-1836), passant en revue la garde nationale, 25 avril 1827</p>

</blockquote></div>
</div>
</div>
</div></div>
</div>
<div class="views-row views-row-9 views-row-odd">
<div class="views-field views-field-field-index-collection">
<div class="field-content">
<div class="field-collection-view clearfix view-mode-full field-collection-view-final">
<div class="entity entity-field-collection-item field-collection-item-field-index-collection clearfix">
<div class="content">
<blockquote>
<p class="citation-small"><a href="https://histoire-en-citations.fr/WP/qui-a-dit-quoi-de-qui-restauration-et-monarchie-de-juillet#2012">« Je ne veux pas monter en charrette comme mon frère ! »</a></p>
<p class="auteur"><span class="author"><span class="name">CHARLES X</span></span> (1757-1836), hanté par le souvenir de Louis XVI guillotiné en 1793</p>

</blockquote></div>
</div>
</div>
</div></div>
</div>
<div class="views-row views-row-10 views-row-even">
<div class="views-field views-field-field-index-collection">
<div class="field-content">
<div class="field-collection-view clearfix view-mode-full field-collection-view-final">
<div class="entity entity-field-collection-item field-collection-item-field-index-collection clearfix">
<div class="content">
<blockquote>
<p class="citation-small"><a href="https://histoire-en-citations.fr/WP/qui-a-dit-quoi-de-qui-restauration-et-monarchie-de-juillet#2013">« Un roi qu’on menace n’a de choix qu’entre le trône et l’échafaud !— Sire, Votre Majesté oublie la chaise de poste ! »</a></p>
<p class="auteur"><span class="author"><span class="name">TALLEYRAND</span></span> (1754-1838), à <span class="author"><span class="name">CHARLES X</span></span> (1757-1836)</p>

</blockquote></div>
</div>
</div>
</div></div>
</div>
<div class="views-row views-row-11 views-row-odd views-row-last">
<div class="views-field views-field-field-index-collection">
<div class="field-content">
<div class="field-collection-view clearfix view-mode-full field-collection-view-final">
<div class="entity entity-field-collection-item field-collection-item-field-index-collection clearfix">
<div class="content">
<blockquote>
<p class="citation-small"><a href="https://histoire-en-citations.fr/WP/lhistoire-en-chantant-de-napoleon-a-la-monarchie-de-juillet#2085">« Est-il bien vrai, mes chers amis Qu’on ait détrôné Charles Dix ? Dites-moi donc où nous en sommes ? Dans les emplois les plus marquants, Je vois toujours les mêmes hommes, J’ai donc dormi pendant cinq ans ? »</a></p>
<p class="auteur"><cite>Le Béotien de Paris</cite> (1835), chanson</p>

</blockquote></div>
</div>
</div>
</div></div>
</div>
</div>
</div>
</div>
<style>
        a .cit-num {
            text-decoration: none !important;
            color: inherit !important;
        }
    </style>

<p>Affichage de 1 &#8211; 11 sur 11. «&nbsp;Vous vous plaignez d&rsquo;un roi sans jambes, vous verrez ce que c&rsquo;est qu&rsquo;un roi sans tête.&nbsp;»1908LOUIS XVIII (1755-1824), qui ne connaît que trop bien son frère, le comte d’Artois «&nbsp;J’ai mes vieilles idées, je veux mourir avec elles.&nbsp;»1911CHARLES X (1757-1836), sentence souvent répétée, qui résume le personnage «&nbsp;Le règne [&#8230;]</p>
