{"id":10475,"date":"2025-09-22T07:34:32","date_gmt":"2025-09-22T05:34:32","guid":{"rendered":"https:\/\/histoire-en-citations.fr\/WP\/jaures\/"},"modified":"2025-11-19T08:51:59","modified_gmt":"2025-11-19T07:51:59","slug":"jaures","status":"publish","type":"page","link":"https:\/\/histoire-en-citations.fr\/WP\/jaures\/","title":{"rendered":"Jaur\u00e8s"},"content":{"rendered":"<div class=\"content\">\n<div class=\"view view-index-taxo view-id-index_taxo view-display-id-page view-dom-id-b1dc5b10e5e86e1f41c5e871773f95bf\">\n<div class=\"view-header\">\n<p class=\"presentation\">Il aurait pu n\u2019\u00eatre qu\u2019un id\u00e9aliste, pacifiste et socialiste parmi d\u2019autres \u2013 ce qui est d\u00e9j\u00e0 beaucoup. Mais la veille de la Premi\u00e8re Guerre mondiale, son assassinat frappe les esprits et le fait entrer aussit\u00f4t dans la l\u00e9gende. En vertu de quoi il reste une r\u00e9f\u00e9rence.<\/p>\n<p class=\"idxinfo\">Cliquez sur une citation pour la consulter dans son contexte historique.<a class=\"retour\" href=\"https:\/\/histoire-en-citations.fr\/WP\/personnages\/\">Retour aux personnages<\/a><\/p>\n<p> Affichage de 1 \u2013 7 sur 7.    <\/p><\/div>\n<div class=\"view-content\">\n<div class=\"views-row views-row-1 views-row-odd views-row-first\">\n<div class=\"views-field views-field-field-index-collection\">\n<div class=\"field-content\">\n<div class=\"field-collection-view clearfix view-mode-full field-collection-view-final\">\n<div class=\"entity entity-field-collection-item field-collection-item-field-index-collection clearfix\">\n<div class=\"content\">\n<blockquote>\n<p class=\"citation-small\"><a href=\"https:\/\/histoire-en-citations.fr\/WP\/prix-nobel-les-grands-absents-de-la-liste-officielle\/#1634\">\u00ab La R\u00e9volution fran\u00e7aise a pr\u00e9par\u00e9 indirectement l\u2019av\u00e8nement du prol\u00e9tariat. Elle a r\u00e9alis\u00e9 les deux conditions essentielles du socialisme, la d\u00e9mocratie et le capitalisme. Mais elle a \u00e9t\u00e9, en son fond, l\u2019av\u00e8nement politique de la classe bourgeoise. \u00bb<\/a><\/p>\n<p class=\"auteur\"><span class=\"author\"><span class=\"surname\">Jean <\/span><span class=\"name\">JAUR\u00c8S<\/span><\/span> (1859-1914), <cite>Histoire socialiste, 1789-1900<\/cite>, volume 1, La Constituante (1908)<\/p>\n\n<\/blockquote><\/div>\n<\/div>\n<\/div>\n<\/div><\/div>\n<\/div>\n<div class=\"views-row views-row-2 views-row-even\">\n<div class=\"views-field views-field-field-index-collection\">\n<div class=\"field-content\">\n<div class=\"field-collection-view clearfix view-mode-full field-collection-view-final\">\n<div class=\"entity entity-field-collection-item field-collection-item-field-index-collection clearfix\">\n<div class=\"content\">\n<blockquote>\n<p class=\"citation-small\"><a href=\"https:\/\/histoire-en-citations.fr\/WP\/prix-nobel-les-grands-absents-de-la-liste-officielle\/#2384\">\u00ab La Commune fut dans son essence, elle fut dans son fond la premi\u00e8re grande bataille rang\u00e9e du Travail contre le Capital. Et c\u2019est m\u00eame parce qu\u2019elle fut cela avant tout qu\u2019elle fut vaincue et que, vaincue, elle fut \u00e9gorg\u00e9e.\u00a0\u00bb<\/a><\/p>\n<p class=\"auteur\"><span class=\"author\"><span class=\"surname\">Jean <\/span><span class=\"name\">JAUR\u00c8S<\/span><\/span> (1859-1914), <cite>Histoire socialiste, 1789-1900<\/cite>, volume XI, La Commune, Louis Dubreuilh (1908)<\/p>\n\n<\/blockquote><\/div>\n<\/div>\n<\/div>\n<\/div><\/div>\n<\/div>\n<div class=\"views-row views-row-3 views-row-odd\">\n<div class=\"views-field views-field-field-index-collection\">\n<div class=\"field-content\">\n<div class=\"field-collection-view clearfix view-mode-full field-collection-view-final\">\n<div class=\"entity entity-field-collection-item field-collection-item-field-index-collection clearfix\">\n<div class=\"content\">\n<blockquote>\n<p class=\"citation-small\"><a href=\"https:\/\/histoire-en-citations.fr\/WP\/prix-nobel-les-grands-absents-de-la-liste-officielle\/#2405\">\u00ab\u00a0\u00c0 mesure que l\u2019\u00e9galit\u00e9 politique devenait un fait plus certain, c\u2019est l\u2019in\u00e9galit\u00e9 sociale qui heurtait le plus les esprits.\u00a0\u00bb<\/a><\/p>\n<p class=\"auteur\"><span class=\"author\"><span class=\"surname\">Jean <\/span><span class=\"name\">JAUR\u00c8S<\/span><\/span> (1859-1914), <cite>Histoire socialiste (1789-1900)<\/cite>, volume 4, La Convention (1908)<\/p>\n\n<\/blockquote><\/div>\n<\/div>\n<\/div>\n<\/div><\/div>\n<\/div>\n<div class=\"views-row views-row-4 views-row-even\">\n<div class=\"views-field views-field-field-index-collection\">\n<div class=\"field-content\">\n<div class=\"field-collection-view clearfix view-mode-full field-collection-view-final\">\n<div class=\"entity entity-field-collection-item field-collection-item-field-index-collection clearfix\">\n<div class=\"content\">\n<blockquote>\n<p class=\"citation-small\"><a href=\"https:\/\/histoire-en-citations.fr\/WP\/prix-nobel-les-grands-absents-de-la-liste-officielle\/#2411\">\u00ab\u00a0Le capitalisme porte en lui la guerre comme la nu\u00e9e porte l\u2019orage.\u00a0\u00bb<\/a><\/p>\n<p class=\"auteur\"><span class=\"author\"><span class=\"surname\">Jean <\/span><span class=\"name\">JAUR\u00c8S<\/span><\/span> (1859-1914)<\/p>\n\n<\/blockquote><\/div>\n<\/div>\n<\/div>\n<\/div><\/div>\n<\/div>\n<div class=\"views-row views-row-5 views-row-odd\">\n<div class=\"views-field views-field-field-index-collection\">\n<div class=\"field-content\">\n<div class=\"field-collection-view clearfix view-mode-full field-collection-view-final\">\n<div class=\"entity entity-field-collection-item field-collection-item-field-index-collection clearfix\">\n<div class=\"content\">\n<blockquote>\n<p class=\"citation-small\"><a href=\"https:\/\/histoire-en-citations.fr\/WP\/portrait-de-jean-jaures-en-citations\/#2547\">\u00ab\u00a0Pas \u00e7a ou pas vous\u00a0!\u00a0\u00bb<\/a><\/p>\n<p class=\"auteur\"><span class=\"author\"><span class=\"surname\">Jean <\/span><span class=\"name\">JAUR\u00c8S<\/span><\/span> (1859-1914) \u00e0 Aristide Briand, Chambre des d\u00e9put\u00e9s, 10\u00a0mai 1907<\/p>\n\n<\/blockquote><\/div>\n<\/div>\n<\/div>\n<\/div><\/div>\n<\/div>\n<div class=\"views-row views-row-6 views-row-even\">\n<div class=\"views-field views-field-field-index-collection\">\n<div class=\"field-content\">\n<div class=\"field-collection-view clearfix view-mode-full field-collection-view-final\">\n<div class=\"entity entity-field-collection-item field-collection-item-field-index-collection clearfix\">\n<div class=\"content\">\n<blockquote>\n<p class=\"citation-small\"><a href=\"https:\/\/histoire-en-citations.fr\/WP\/nelly-roussel-faisons-donc-la-greve-camarades-la-greve-des-ventres-plus-denfants-pour-le-capitalisme\/#2638\">\u00ab\u00a0Pendant que vous irez courir l\u2019aventure, il faut que quelqu\u2019un reste garder la vieille maison.\u00a0\u00bb<\/a><\/p>\n<p class=\"auteur\"><span class=\"author\"><span class=\"surname\">L\u00e9on <\/span><span class=\"name\">BLUM<\/span><\/span> (1872-1950), au Congr\u00e8s de Tours (25-31\u00a0d\u00e9cembre 1920)<\/p>\n\n<\/blockquote><\/div>\n<\/div>\n<\/div>\n<\/div><\/div>\n<\/div>\n<div class=\"views-row views-row-7 views-row-odd views-row-last\">\n<div class=\"views-field views-field-field-index-collection\">\n<div class=\"field-content\">\n<div class=\"field-collection-view clearfix view-mode-full field-collection-view-final\">\n<div class=\"entity entity-field-collection-item field-collection-item-field-index-collection clearfix\">\n<div class=\"content\">\n<blockquote>\n<p class=\"citation-small\"><a href=\"https:\/\/histoire-en-citations.fr\/WP\/prix-nobel-les-grands-absents-de-la-liste-officielle\/#2897\">\u00ab\u00a0Il faudrait \u00eatre bien inattentif pour croire que l\u2019action de Pierre Mend\u00e8s France fut limit\u00e9e aux quelque sept mois et dix-sept jours pass\u00e9s de juin\u00a01954 \u00e0 f\u00e9vrier\u00a01955 \u00e0 la t\u00eate du gouvernement de la R\u00e9publique. Un \u00e9t\u00e9, un automne, quelques jours. L\u2019Histoire ne fait pas ces comptes-l\u00e0. L\u00e9on Blum pour un an, Gambetta et Jaur\u00e8s, pour si peu, pour jamais, pour toujours.\u00a0\u00bb<\/a><\/p>\n<p class=\"auteur\"><span class=\"author\"><span class=\"surname\">Fran\u00e7ois <\/span><span class=\"name\">MITTERRAND<\/span><\/span> (1916-1996), Cour d\u2019honneur de l\u2019Assembl\u00e9e nationale, Discours du 27\u00a0octobre 1982<\/p>\n\n<\/blockquote><\/div>\n<\/div>\n<\/div>\n<\/div><\/div>\n<\/div>\n<\/div>\n<\/div>\n<\/div>\n<style>\r\n        a .cit-num {\r\n            text-decoration: none !important;\r\n            color: inherit !important;\r\n        }\r\n    <\/style>","protected":false},"excerpt":{"rendered":"<p>Il aurait pu n\u2019\u00eatre qu\u2019un id\u00e9aliste, pacifiste et socialiste parmi d\u2019autres &#8211; ce qui est d\u00e9j\u00e0 beaucoup. Mais la veille de la Premi\u00e8re Guerre mondiale, son assassinat frappe les esprits et le fait entrer aussit\u00f4t dans la l\u00e9gende. En vertu de quoi il reste une r\u00e9f\u00e9rence. Cliquez sur une citation pour la consulter dans son [&#8230;]<\/p>\n","protected":false},"author":1,"featured_media":0,"parent":0,"menu_order":0,"comment_status":"closed","ping_status":"closed","template":"","meta":{"site-sidebar-layout":"default","site-content-layout":"","ast-site-content-layout":"default","site-content-style":"default","site-sidebar-style":"default","ast-global-header-display":"","ast-banner-title-visibility":"","ast-main-header-display":"","ast-hfb-above-header-display":"","ast-hfb-below-header-display":"","ast-hfb-mobile-header-display":"","site-post-title":"","ast-breadcrumbs-content":"","ast-featured-img":"","footer-sml-layout":"","theme-transparent-header-meta":"","adv-header-id-meta":"","stick-header-meta":"","header-above-stick-meta":"","header-main-stick-meta":"","header-below-stick-meta":"","astra-migrate-meta-layouts":"default","ast-page-background-enabled":"default","ast-page-background-meta":{"desktop":{"background-color":"var(--ast-global-color-5)","background-image":"","background-repeat":"repeat","background-position":"center center","background-size":"auto","background-attachment":"scroll","background-type":"","background-media":"","overlay-type":"","overlay-color":"","overlay-opacity":"","overlay-gradient":""},"tablet":{"background-color":"","background-image":"","background-repeat":"repeat","background-position":"center center","background-size":"auto","background-attachment":"scroll","background-type":"","background-media":"","overlay-type":"","overlay-color":"","overlay-opacity":"","overlay-gradient":""},"mobile":{"background-color":"","background-image":"","background-repeat":"repeat","background-position":"center center","background-size":"auto","background-attachment":"scroll","background-type":"","background-media":"","overlay-type":"","overlay-color":"","overlay-opacity":"","overlay-gradient":""}},"ast-content-background-meta":{"desktop":{"background-color":"var(--ast-global-color-4)","background-image":"","background-repeat":"repeat","background-position":"center center","background-size":"auto","background-attachment":"scroll","background-type":"","background-media":"","overlay-type":"","overlay-color":"","overlay-opacity":"","overlay-gradient":""},"tablet":{"background-color":"var(--ast-global-color-4)","background-image":"","background-repeat":"repeat","background-position":"center center","background-size":"auto","background-attachment":"scroll","background-type":"","background-media":"","overlay-type":"","overlay-color":"","overlay-opacity":"","overlay-gradient":""},"mobile":{"background-color":"var(--ast-global-color-4)","background-image":"","background-repeat":"repeat","background-position":"center center","background-size":"auto","background-attachment":"scroll","background-type":"","background-media":"","overlay-type":"","overlay-color":"","overlay-opacity":"","overlay-gradient":""}},"iawp_total_views":26,"footnotes":""},"class_list":["post-10475","page","type-page","status-publish","hentry"],"_links":{"self":[{"href":"https:\/\/histoire-en-citations.fr\/WP\/wp-json\/wp\/v2\/pages\/10475","targetHints":{"allow":["GET"]}}],"collection":[{"href":"https:\/\/histoire-en-citations.fr\/WP\/wp-json\/wp\/v2\/pages"}],"about":[{"href":"https:\/\/histoire-en-citations.fr\/WP\/wp-json\/wp\/v2\/types\/page"}],"author":[{"embeddable":true,"href":"https:\/\/histoire-en-citations.fr\/WP\/wp-json\/wp\/v2\/users\/1"}],"replies":[{"embeddable":true,"href":"https:\/\/histoire-en-citations.fr\/WP\/wp-json\/wp\/v2\/comments?post=10475"}],"version-history":[{"count":4,"href":"https:\/\/histoire-en-citations.fr\/WP\/wp-json\/wp\/v2\/pages\/10475\/revisions"}],"predecessor-version":[{"id":15118,"href":"https:\/\/histoire-en-citations.fr\/WP\/wp-json\/wp\/v2\/pages\/10475\/revisions\/15118"}],"wp:attachment":[{"href":"https:\/\/histoire-en-citations.fr\/WP\/wp-json\/wp\/v2\/media?parent=10475"}],"curies":[{"name":"wp","href":"https:\/\/api.w.org\/{rel}","templated":true}]}}

Jaurès

<div class="content">
<div class="view view-index-taxo view-id-index_taxo view-display-id-page view-dom-id-b1dc5b10e5e86e1f41c5e871773f95bf">
<div class="view-header">
<p class="presentation">Il aurait pu n’être qu’un idéaliste, pacifiste et socialiste parmi d’autres – ce qui est déjà beaucoup. Mais la veille de la Première Guerre mondiale, son assassinat frappe les esprits et le fait entrer aussitôt dans la légende. En vertu de quoi il reste une référence.</p>
<p class="idxinfo">Cliquez sur une citation pour la consulter dans son contexte historique.<a class="retour" href="https://histoire-en-citations.fr/WP/personnages/">Retour aux personnages</a></p>
<p> Affichage de 1 – 7 sur 7.    </p></div>
<div class="view-content">
<div class="views-row views-row-1 views-row-odd views-row-first">
<div class="views-field views-field-field-index-collection">
<div class="field-content">
<div class="field-collection-view clearfix view-mode-full field-collection-view-final">
<div class="entity entity-field-collection-item field-collection-item-field-index-collection clearfix">
<div class="content">
<blockquote>
<p class="citation-small"><a href="https://histoire-en-citations.fr/WP/prix-nobel-les-grands-absents-de-la-liste-officielle/#1634">« La Révolution française a préparé indirectement l’avènement du prolétariat. Elle a réalisé les deux conditions essentielles du socialisme, la démocratie et le capitalisme. Mais elle a été, en son fond, l’avènement politique de la classe bourgeoise. »</a></p>
<p class="auteur"><span class="author"><span class="surname">Jean </span><span class="name">JAURÈS</span></span> (1859-1914), <cite>Histoire socialiste, 1789-1900</cite>, volume 1, La Constituante (1908)</p>

</blockquote></div>
</div>
</div>
</div></div>
</div>
<div class="views-row views-row-2 views-row-even">
<div class="views-field views-field-field-index-collection">
<div class="field-content">
<div class="field-collection-view clearfix view-mode-full field-collection-view-final">
<div class="entity entity-field-collection-item field-collection-item-field-index-collection clearfix">
<div class="content">
<blockquote>
<p class="citation-small"><a href="https://histoire-en-citations.fr/WP/prix-nobel-les-grands-absents-de-la-liste-officielle/#2384">« La Commune fut dans son essence, elle fut dans son fond la première grande bataille rangée du Travail contre le Capital. Et c’est même parce qu’elle fut cela avant tout qu’elle fut vaincue et que, vaincue, elle fut égorgée. »</a></p>
<p class="auteur"><span class="author"><span class="surname">Jean </span><span class="name">JAURÈS</span></span> (1859-1914), <cite>Histoire socialiste, 1789-1900</cite>, volume XI, La Commune, Louis Dubreuilh (1908)</p>

</blockquote></div>
</div>
</div>
</div></div>
</div>
<div class="views-row views-row-3 views-row-odd">
<div class="views-field views-field-field-index-collection">
<div class="field-content">
<div class="field-collection-view clearfix view-mode-full field-collection-view-final">
<div class="entity entity-field-collection-item field-collection-item-field-index-collection clearfix">
<div class="content">
<blockquote>
<p class="citation-small"><a href="https://histoire-en-citations.fr/WP/prix-nobel-les-grands-absents-de-la-liste-officielle/#2405">« À mesure que l’égalité politique devenait un fait plus certain, c’est l’inégalité sociale qui heurtait le plus les esprits. »</a></p>
<p class="auteur"><span class="author"><span class="surname">Jean </span><span class="name">JAURÈS</span></span> (1859-1914), <cite>Histoire socialiste (1789-1900)</cite>, volume 4, La Convention (1908)</p>

</blockquote></div>
</div>
</div>
</div></div>
</div>
<div class="views-row views-row-4 views-row-even">
<div class="views-field views-field-field-index-collection">
<div class="field-content">
<div class="field-collection-view clearfix view-mode-full field-collection-view-final">
<div class="entity entity-field-collection-item field-collection-item-field-index-collection clearfix">
<div class="content">
<blockquote>
<p class="citation-small"><a href="https://histoire-en-citations.fr/WP/prix-nobel-les-grands-absents-de-la-liste-officielle/#2411">« Le capitalisme porte en lui la guerre comme la nuée porte l’orage. »</a></p>
<p class="auteur"><span class="author"><span class="surname">Jean </span><span class="name">JAURÈS</span></span> (1859-1914)</p>

</blockquote></div>
</div>
</div>
</div></div>
</div>
<div class="views-row views-row-5 views-row-odd">
<div class="views-field views-field-field-index-collection">
<div class="field-content">
<div class="field-collection-view clearfix view-mode-full field-collection-view-final">
<div class="entity entity-field-collection-item field-collection-item-field-index-collection clearfix">
<div class="content">
<blockquote>
<p class="citation-small"><a href="https://histoire-en-citations.fr/WP/portrait-de-jean-jaures-en-citations/#2547">« Pas ça ou pas vous ! »</a></p>
<p class="auteur"><span class="author"><span class="surname">Jean </span><span class="name">JAURÈS</span></span> (1859-1914) à Aristide Briand, Chambre des députés, 10 mai 1907</p>

</blockquote></div>
</div>
</div>
</div></div>
</div>
<div class="views-row views-row-6 views-row-even">
<div class="views-field views-field-field-index-collection">
<div class="field-content">
<div class="field-collection-view clearfix view-mode-full field-collection-view-final">
<div class="entity entity-field-collection-item field-collection-item-field-index-collection clearfix">
<div class="content">
<blockquote>
<p class="citation-small"><a href="https://histoire-en-citations.fr/WP/nelly-roussel-faisons-donc-la-greve-camarades-la-greve-des-ventres-plus-denfants-pour-le-capitalisme/#2638">« Pendant que vous irez courir l’aventure, il faut que quelqu’un reste garder la vieille maison. »</a></p>
<p class="auteur"><span class="author"><span class="surname">Léon </span><span class="name">BLUM</span></span> (1872-1950), au Congrès de Tours (25-31 décembre 1920)</p>

</blockquote></div>
</div>
</div>
</div></div>
</div>
<div class="views-row views-row-7 views-row-odd views-row-last">
<div class="views-field views-field-field-index-collection">
<div class="field-content">
<div class="field-collection-view clearfix view-mode-full field-collection-view-final">
<div class="entity entity-field-collection-item field-collection-item-field-index-collection clearfix">
<div class="content">
<blockquote>
<p class="citation-small"><a href="https://histoire-en-citations.fr/WP/prix-nobel-les-grands-absents-de-la-liste-officielle/#2897">« Il faudrait être bien inattentif pour croire que l’action de Pierre Mendès France fut limitée aux quelque sept mois et dix-sept jours passés de juin 1954 à février 1955 à la tête du gouvernement de la République. Un été, un automne, quelques jours. L’Histoire ne fait pas ces comptes-là. Léon Blum pour un an, Gambetta et Jaurès, pour si peu, pour jamais, pour toujours. »</a></p>
<p class="auteur"><span class="author"><span class="surname">François </span><span class="name">MITTERRAND</span></span> (1916-1996), Cour d’honneur de l’Assemblée nationale, Discours du 27 octobre 1982</p>

</blockquote></div>
</div>
</div>
</div></div>
</div>
</div>
</div>
</div>
<style>
        a .cit-num {
            text-decoration: none !important;
            color: inherit !important;
        }
    </style>

<p>Il aurait pu n’être qu’un idéaliste, pacifiste et socialiste parmi d’autres &#8211; ce qui est déjà beaucoup. Mais la veille de la Première Guerre mondiale, son assassinat frappe les esprits et le fait entrer aussitôt dans la légende. En vertu de quoi il reste une référence. Cliquez sur une citation pour la consulter dans son [&#8230;]</p>
