{"id":10487,"date":"2025-09-22T07:34:20","date_gmt":"2025-09-22T05:34:20","guid":{"rendered":"https:\/\/histoire-en-citations.fr\/WP\/louis-xi\/"},"modified":"2025-11-19T08:52:08","modified_gmt":"2025-11-19T07:52:08","slug":"louis-xi","status":"publish","type":"page","link":"https:\/\/histoire-en-citations.fr\/WP\/louis-xi\/","title":{"rendered":"Louis\u00a0XI"},"content":{"rendered":"<div class=\"content\">\n<div class=\"view view-index-taxo view-id-index_taxo view-display-id-page view-dom-id-db9b107cd062175f4a6d530471752dc3\">\n<div class=\"view-header\">       Affichage de 1 \u2013 12 sur 12.    <\/div>\n<div class=\"view-content\">\n<div class=\"views-row views-row-1 views-row-odd views-row-first\">\n<div class=\"views-field views-field-field-index-collection\">\n<div class=\"field-content\">\n<div class=\"field-collection-view clearfix view-mode-full field-collection-view-final\">\n<div class=\"entity entity-field-collection-item field-collection-item-field-index-collection clearfix\">\n<div class=\"content\">\n<blockquote>\n<p class=\"citation-small\"><a href=\"https:\/\/histoire-en-citations.fr\/WP\/qui-a-dit-quoi-de-qui-1-gaule-et-moyen-age\/#277\">\u00ab\u00a0Qui s\u2019y frotte, s\u2019y pique.\u00a0\u00bb<\/a><\/p>\n<p class=\"auteur\"><span class=\"author\"><span class=\"name\">LOUIS XI<\/span><\/span> (1423-1483), devise<\/p>\n\n<\/blockquote><\/div>\n<\/div>\n<\/div>\n<\/div><\/div>\n<\/div>\n<div class=\"views-row views-row-2 views-row-even\">\n<div class=\"views-field views-field-field-index-collection\">\n<div class=\"field-content\">\n<div class=\"field-collection-view clearfix view-mode-full field-collection-view-final\">\n<div class=\"entity entity-field-collection-item field-collection-item-field-index-collection clearfix\">\n<div class=\"content\">\n<blockquote>\n<p class=\"citation-small\"><a href=\"https:\/\/histoire-en-citations.fr\/WP\/hugues-de-launoy-je-promets-a-dieu-que-cette-paix-sera-entretenue-de-ma-partie-et-que-jamais-ne-lenfreindrai\/#361\">\u00ab\u00a0Mon tr\u00e8s redout\u00e9 seigneur, je me recommande \u00e0 votre bonne gr\u00e2ce tant et si tr\u00e8s humblement que je puis [\u2026] \u00bb<\/a><\/p>\n<p class=\"auteur\"><span class=\"author\"><span class=\"surname\">Dauphin <\/span><span class=\"name\">LOUIS<\/span>, <span class=\"aka\">futur LOUIS\u00a0XI<\/span><\/span> (1423-1483), Lettre \u00e0 son p\u00e8re le roi Charles\u00a0VII, octobre\u00a01452<\/p>\n\n<\/blockquote><\/div>\n<\/div>\n<\/div>\n<\/div><\/div>\n<\/div>\n<div class=\"views-row views-row-3 views-row-odd\">\n<div class=\"views-field views-field-field-index-collection\">\n<div class=\"field-content\">\n<div class=\"field-collection-view clearfix view-mode-full field-collection-view-final\">\n<div class=\"entity entity-field-collection-item field-collection-item-field-index-collection clearfix\">\n<div class=\"content\">\n<blockquote>\n<p class=\"citation-small\"><a href=\"https:\/\/histoire-en-citations.fr\/WP\/un-tour-de-france-historique-et-inedit-de-la-gaule-au-xvie-siecle\/#362\">\u00ab\u00a0Ce Dauphin en son Dauphin\u00e9, c\u2019est d\u00e9j\u00e0 le roi Louis.\u00a0\u00bb<\/a><\/p>\n<p class=\"auteur\"><span class=\"author\"><span class=\"surname\">Pierre <\/span><span class=\"name\">CHAMPION<\/span><\/span> (1880-1942), <cite>Louis\u00a0XI<\/cite> (1927)<\/p>\n\n<\/blockquote><\/div>\n<\/div>\n<\/div>\n<\/div><\/div>\n<\/div>\n<div class=\"views-row views-row-4 views-row-even\">\n<div class=\"views-field views-field-field-index-collection\">\n<div class=\"field-content\">\n<div class=\"field-collection-view clearfix view-mode-full field-collection-view-final\">\n<div class=\"entity entity-field-collection-item field-collection-item-field-index-collection clearfix\">\n<div class=\"content\">\n<blockquote>\n<p class=\"citation-small\"><a href=\"https:\/\/histoire-en-citations.fr\/WP\/qui-a-dit-quoi-de-qui-1-gaule-et-moyen-age\/#363\">\u00ab\u00a0Il a re\u00e7u chez lui un renard qui mangera ses poules.\u00a0\u00bb<\/a><\/p>\n<p class=\"auteur\"><span class=\"author\"><span class=\"name\">CHARLES\u00a0VII<\/span><\/span> (1403-1461), apprenant que son fils s\u2019est r\u00e9fugi\u00e9 chez le duc de Bourgogne, fin\u00a0ao\u00fbt\u00a01456<\/p>\n\n<\/blockquote><\/div>\n<\/div>\n<\/div>\n<\/div><\/div>\n<\/div>\n<div class=\"views-row views-row-5 views-row-odd\">\n<div class=\"views-field views-field-field-index-collection\">\n<div class=\"field-content\">\n<div class=\"field-collection-view clearfix view-mode-full field-collection-view-final\">\n<div class=\"entity entity-field-collection-item field-collection-item-field-index-collection clearfix\">\n<div class=\"content\">\n<blockquote>\n<p class=\"citation-small\"><a href=\"https:\/\/histoire-en-citations.fr\/WP\/qui-a-dit-quoi-de-qui-1-gaule-et-moyen-age\/#365\">\u00ab\u00a0Je suis France.\u00a0\u00bb<\/a><\/p>\n<p class=\"auteur\"><span class=\"author\"><span class=\"name\">LOUIS XI<\/span><\/span> (1423-1483)<\/p>\n\n<\/blockquote><\/div>\n<\/div>\n<\/div>\n<\/div><\/div>\n<\/div>\n<div class=\"views-row views-row-6 views-row-even\">\n<div class=\"views-field views-field-field-index-collection\">\n<div class=\"field-content\">\n<div class=\"field-collection-view clearfix view-mode-full field-collection-view-final\">\n<div class=\"entity entity-field-collection-item field-collection-item-field-index-collection clearfix\">\n<div class=\"content\">\n<blockquote>\n<p class=\"citation-small\"><a href=\"https:\/\/histoire-en-citations.fr\/WP\/le-progres-oui-mais-de-la-gaule-a-lempire\/#371\">\u00ab\u00a0Il faut faire suer les \u00e9cus.\u00a0\u00bb<\/a><\/p>\n<p class=\"auteur\">Maxime sous Louis\u00a0XI<\/p>\n\n<\/blockquote><\/div>\n<\/div>\n<\/div>\n<\/div><\/div>\n<\/div>\n<div class=\"views-row views-row-7 views-row-odd\">\n<div class=\"views-field views-field-field-index-collection\">\n<div class=\"field-content\">\n<div class=\"field-collection-view clearfix view-mode-full field-collection-view-final\">\n<div class=\"entity entity-field-collection-item field-collection-item-field-index-collection clearfix\">\n<div class=\"content\">\n<blockquote>\n<p class=\"citation-small\"><a href=\"https:\/\/histoire-en-citations.fr\/WP\/haro-sur-limpot-une-tragedie-historique-jusqua-la-revolution\/#372\">\u00ab\u00a0Le royaume est paisible et tranquille au point que les marchandises peuvent librement circuler [\u2026] Les imp\u00f4ts sont lourds\u00a0? Je ne les emploie que pour le bien et honneur du royaume et les diminuerai d\u00e8s que je le pourrai. N\u2019y ai-je pas le plus grand int\u00e9r\u00eat, puisque je suis le chef et le p\u00e8re de la chose publique\u00a0!\u00a0\u00bb<\/a><\/p>\n<p class=\"auteur\"><span class=\"author\"><span class=\"name\">LOUIS XI<\/span><\/span> (1423-1483), 10 mars\u00a01465<\/p>\n\n<\/blockquote><\/div>\n<\/div>\n<\/div>\n<\/div><\/div>\n<\/div>\n<div class=\"views-row views-row-8 views-row-even\">\n<div class=\"views-field views-field-field-index-collection\">\n<div class=\"field-content\">\n<div class=\"field-collection-view clearfix view-mode-full field-collection-view-final\">\n<div class=\"entity entity-field-collection-item field-collection-item-field-index-collection clearfix\">\n<div class=\"content\">\n<blockquote>\n<p class=\"citation-small\"><a href=\"https:\/\/histoire-en-citations.fr\/WP\/qui-a-dit-quoi-de-qui-1-gaule-et-moyen-age\/#376\">\u00ab\u00a0Le renard crott\u00e9 a \u00e9chapp\u00e9 au repaire du loup.\u00a0\u00bb<\/a><\/p>\n<p class=\"auteur\"><span class=\"author\"><span class=\"surname\">Philippe de <\/span><span class=\"name\">COMMYNES<\/span><\/span> (1447-1511), <cite>M\u00e9moires<\/cite> (1524)<\/p>\n\n<\/blockquote><\/div>\n<\/div>\n<\/div>\n<\/div><\/div>\n<\/div>\n<div class=\"views-row views-row-9 views-row-odd\">\n<div class=\"views-field views-field-field-index-collection\">\n<div class=\"field-content\">\n<div class=\"field-collection-view clearfix view-mode-full field-collection-view-final\">\n<div class=\"entity entity-field-collection-item field-collection-item-field-index-collection clearfix\">\n<div class=\"content\">\n<blockquote>\n<p class=\"citation-small\"><a href=\"https:\/\/histoire-en-citations.fr\/WP\/plus-de-50-idees-recues-qui-faussent-lhistoire\/#378\">\u00ab\u00a0Car tel est notre plaisir.\u00a0\u00bb<\/a><\/p>\n<p class=\"auteur\"><span class=\"author\"><span class=\"name\">LOUIS XI<\/span><\/span> (1423-1483), \u00e9dit du 31\u00a0octobre 1472, forme des placets royaux<\/p>\n\n<\/blockquote><\/div>\n<\/div>\n<\/div>\n<\/div><\/div>\n<\/div>\n<div class=\"views-row views-row-10 views-row-even\">\n<div class=\"views-field views-field-field-index-collection\">\n<div class=\"field-content\">\n<div class=\"field-collection-view clearfix view-mode-full field-collection-view-final\">\n<div class=\"entity entity-field-collection-item field-collection-item-field-index-collection clearfix\">\n<div class=\"content\">\n<blockquote>\n<p class=\"citation-small\"><a href=\"https:\/\/histoire-en-citations.fr\/WP\/le-grand-betisier-historique\/#413\">\u00ab\u00a0C\u2019est la moins folle femme du monde, car de sage il n\u2019y en a gu\u00e8re.\u00a0\u00bb<\/a><\/p>\n<p class=\"auteur\"><span class=\"author\"><span class=\"name\">LOUIS XI<\/span><\/span> (1423-1483)<\/p>\n\n<\/blockquote><\/div>\n<\/div>\n<\/div>\n<\/div><\/div>\n<\/div>\n<div class=\"views-row views-row-11 views-row-odd\">\n<div class=\"views-field views-field-field-index-collection\">\n<div class=\"field-content\">\n<div class=\"field-collection-view clearfix view-mode-full field-collection-view-final\">\n<div class=\"entity entity-field-collection-item field-collection-item-field-index-collection clearfix\">\n<div class=\"content\">\n<blockquote>\n<p class=\"citation-small\"><a href=\"https:\/\/histoire-en-citations.fr\/WP\/qui-a-dit-quoi-de-qui-renaissance-naissance-de-la-monarchie-absolue\/#437\">\u00ab\u00a0Car tel est notre plaisir.\u00a0\u00bb<\/a><\/p>\n<p class=\"auteur\"><span class=\"author\"><span class=\"name\">FRAN\u00c7OIS\u00a0I<sup>er<\/sup><\/span><\/span> (1494-1547)<\/p>\n\n<\/blockquote><\/div>\n<\/div>\n<\/div>\n<\/div><\/div>\n<\/div>\n<div class=\"views-row views-row-12 views-row-even views-row-last\">\n<div class=\"views-field views-field-field-index-collection\">\n<div class=\"field-content\">\n<div class=\"field-collection-view clearfix view-mode-full field-collection-view-final\">\n<div class=\"entity entity-field-collection-item field-collection-item-field-index-collection clearfix\">\n<div class=\"content\">\n<blockquote>\n<p class=\"citation-small\"><a href=\"https:\/\/histoire-en-citations.fr\/WP\/ces-etrangers-qui-firent-lhistoire-de-france-i\/#543\">\u00ab\u00a0Gardez-vous de livrer bataille et souvenez-vous des conseils de Louis\u00a0XI\u00a0: la paix sign\u00e9e est toujours plus avantageuse avant la d\u00e9faite.\u00a0\u00bb<\/a><\/p>\n<p class=\"auteur\"><span class=\"author\"><span class=\"name\">CATHERINE DE M\u00c9DICIS<\/span><\/span> (1519-1589), \u00e0 son fils Henri\u00a0III, 1576<\/p>\n\n<\/blockquote><\/div>\n<\/div>\n<\/div>\n<\/div><\/div>\n<\/div>\n<\/div>\n<\/div>\n<\/div>\n<style>\r\n        a .cit-num {\r\n            text-decoration: none !important;\r\n            color: inherit !important;\r\n        }\r\n    <\/style>","protected":false},"excerpt":{"rendered":"<p>Affichage de 1 &#8211; 12 sur 12. \u00ab&nbsp;Qui s\u2019y frotte, s\u2019y pique.&nbsp;\u00bb277LOUIS XI (1423-1483), devise \u00ab&nbsp;Mon tr\u00e8s redout\u00e9 seigneur, je me recommande \u00e0 votre bonne gr\u00e2ce tant et si tr\u00e8s humblement que je puis [\u2026] \u00bb361Dauphin LOUIS, futur LOUIS\u00a0XI (1423-1483), Lettre \u00e0 son p\u00e8re le roi Charles\u00a0VII, octobre\u00a01452 \u00ab&nbsp;Ce Dauphin en son Dauphin\u00e9, c\u2019est d\u00e9j\u00e0 [&#8230;]<\/p>\n","protected":false},"author":1,"featured_media":0,"parent":0,"menu_order":0,"comment_status":"closed","ping_status":"closed","template":"","meta":{"site-sidebar-layout":"default","site-content-layout":"","ast-site-content-layout":"default","site-content-style":"default","site-sidebar-style":"default","ast-global-header-display":"","ast-banner-title-visibility":"","ast-main-header-display":"","ast-hfb-above-header-display":"","ast-hfb-below-header-display":"","ast-hfb-mobile-header-display":"","site-post-title":"","ast-breadcrumbs-content":"","ast-featured-img":"","footer-sml-layout":"","theme-transparent-header-meta":"","adv-header-id-meta":"","stick-header-meta":"","header-above-stick-meta":"","header-main-stick-meta":"","header-below-stick-meta":"","astra-migrate-meta-layouts":"default","ast-page-background-enabled":"default","ast-page-background-meta":{"desktop":{"background-color":"var(--ast-global-color-5)","background-image":"","background-repeat":"repeat","background-position":"center center","background-size":"auto","background-attachment":"scroll","background-type":"","background-media":"","overlay-type":"","overlay-color":"","overlay-opacity":"","overlay-gradient":""},"tablet":{"background-color":"","background-image":"","background-repeat":"repeat","background-position":"center center","background-size":"auto","background-attachment":"scroll","background-type":"","background-media":"","overlay-type":"","overlay-color":"","overlay-opacity":"","overlay-gradient":""},"mobile":{"background-color":"","background-image":"","background-repeat":"repeat","background-position":"center center","background-size":"auto","background-attachment":"scroll","background-type":"","background-media":"","overlay-type":"","overlay-color":"","overlay-opacity":"","overlay-gradient":""}},"ast-content-background-meta":{"desktop":{"background-color":"var(--ast-global-color-4)","background-image":"","background-repeat":"repeat","background-position":"center center","background-size":"auto","background-attachment":"scroll","background-type":"","background-media":"","overlay-type":"","overlay-color":"","overlay-opacity":"","overlay-gradient":""},"tablet":{"background-color":"var(--ast-global-color-4)","background-image":"","background-repeat":"repeat","background-position":"center center","background-size":"auto","background-attachment":"scroll","background-type":"","background-media":"","overlay-type":"","overlay-color":"","overlay-opacity":"","overlay-gradient":""},"mobile":{"background-color":"var(--ast-global-color-4)","background-image":"","background-repeat":"repeat","background-position":"center center","background-size":"auto","background-attachment":"scroll","background-type":"","background-media":"","overlay-type":"","overlay-color":"","overlay-opacity":"","overlay-gradient":""}},"iawp_total_views":27,"footnotes":""},"class_list":["post-10487","page","type-page","status-publish","hentry"],"_links":{"self":[{"href":"https:\/\/histoire-en-citations.fr\/WP\/wp-json\/wp\/v2\/pages\/10487","targetHints":{"allow":["GET"]}}],"collection":[{"href":"https:\/\/histoire-en-citations.fr\/WP\/wp-json\/wp\/v2\/pages"}],"about":[{"href":"https:\/\/histoire-en-citations.fr\/WP\/wp-json\/wp\/v2\/types\/page"}],"author":[{"embeddable":true,"href":"https:\/\/histoire-en-citations.fr\/WP\/wp-json\/wp\/v2\/users\/1"}],"replies":[{"embeddable":true,"href":"https:\/\/histoire-en-citations.fr\/WP\/wp-json\/wp\/v2\/comments?post=10487"}],"version-history":[{"count":4,"href":"https:\/\/histoire-en-citations.fr\/WP\/wp-json\/wp\/v2\/pages\/10487\/revisions"}],"predecessor-version":[{"id":15135,"href":"https:\/\/histoire-en-citations.fr\/WP\/wp-json\/wp\/v2\/pages\/10487\/revisions\/15135"}],"wp:attachment":[{"href":"https:\/\/histoire-en-citations.fr\/WP\/wp-json\/wp\/v2\/media?parent=10487"}],"curies":[{"name":"wp","href":"https:\/\/api.w.org\/{rel}","templated":true}]}}

<div class="content">
<div class="view view-index-taxo view-id-index_taxo view-display-id-page view-dom-id-db9b107cd062175f4a6d530471752dc3">
<div class="view-header">       Affichage de 1 – 12 sur 12.    </div>
<div class="view-content">
<div class="views-row views-row-1 views-row-odd views-row-first">
<div class="views-field views-field-field-index-collection">
<div class="field-content">
<div class="field-collection-view clearfix view-mode-full field-collection-view-final">
<div class="entity entity-field-collection-item field-collection-item-field-index-collection clearfix">
<div class="content">
<blockquote>
<p class="citation-small"><a href="https://histoire-en-citations.fr/WP/qui-a-dit-quoi-de-qui-1-gaule-et-moyen-age/#277">« Qui s’y frotte, s’y pique. »</a></p>
<p class="auteur"><span class="author"><span class="name">LOUIS XI</span></span> (1423-1483), devise</p>

</blockquote></div>
</div>
</div>
</div></div>
</div>
<div class="views-row views-row-2 views-row-even">
<div class="views-field views-field-field-index-collection">
<div class="field-content">
<div class="field-collection-view clearfix view-mode-full field-collection-view-final">
<div class="entity entity-field-collection-item field-collection-item-field-index-collection clearfix">
<div class="content">
<blockquote>
<p class="citation-small"><a href="https://histoire-en-citations.fr/WP/hugues-de-launoy-je-promets-a-dieu-que-cette-paix-sera-entretenue-de-ma-partie-et-que-jamais-ne-lenfreindrai/#361">« Mon très redouté seigneur, je me recommande à votre bonne grâce tant et si très humblement que je puis […] »</a></p>
<p class="auteur"><span class="author"><span class="surname">Dauphin </span><span class="name">LOUIS</span>, <span class="aka">futur LOUIS XI</span></span> (1423-1483), Lettre à son père le roi Charles VII, octobre 1452</p>

</blockquote></div>
</div>
</div>
</div></div>
</div>
<div class="views-row views-row-3 views-row-odd">
<div class="views-field views-field-field-index-collection">
<div class="field-content">
<div class="field-collection-view clearfix view-mode-full field-collection-view-final">
<div class="entity entity-field-collection-item field-collection-item-field-index-collection clearfix">
<div class="content">
<blockquote>
<p class="citation-small"><a href="https://histoire-en-citations.fr/WP/un-tour-de-france-historique-et-inedit-de-la-gaule-au-xvie-siecle/#362">« Ce Dauphin en son Dauphiné, c’est déjà le roi Louis. »</a></p>
<p class="auteur"><span class="author"><span class="surname">Pierre </span><span class="name">CHAMPION</span></span> (1880-1942), <cite>Louis XI</cite> (1927)</p>

</blockquote></div>
</div>
</div>
</div></div>
</div>
<div class="views-row views-row-4 views-row-even">
<div class="views-field views-field-field-index-collection">
<div class="field-content">
<div class="field-collection-view clearfix view-mode-full field-collection-view-final">
<div class="entity entity-field-collection-item field-collection-item-field-index-collection clearfix">
<div class="content">
<blockquote>
<p class="citation-small"><a href="https://histoire-en-citations.fr/WP/qui-a-dit-quoi-de-qui-1-gaule-et-moyen-age/#363">« Il a reçu chez lui un renard qui mangera ses poules. »</a></p>
<p class="auteur"><span class="author"><span class="name">CHARLES VII</span></span> (1403-1461), apprenant que son fils s’est réfugié chez le duc de Bourgogne, fin août 1456</p>

</blockquote></div>
</div>
</div>
</div></div>
</div>
<div class="views-row views-row-5 views-row-odd">
<div class="views-field views-field-field-index-collection">
<div class="field-content">
<div class="field-collection-view clearfix view-mode-full field-collection-view-final">
<div class="entity entity-field-collection-item field-collection-item-field-index-collection clearfix">
<div class="content">
<blockquote>
<p class="citation-small"><a href="https://histoire-en-citations.fr/WP/qui-a-dit-quoi-de-qui-1-gaule-et-moyen-age/#365">« Je suis France. »</a></p>
<p class="auteur"><span class="author"><span class="name">LOUIS XI</span></span> (1423-1483)</p>

</blockquote></div>
</div>
</div>
</div></div>
</div>
<div class="views-row views-row-6 views-row-even">
<div class="views-field views-field-field-index-collection">
<div class="field-content">
<div class="field-collection-view clearfix view-mode-full field-collection-view-final">
<div class="entity entity-field-collection-item field-collection-item-field-index-collection clearfix">
<div class="content">
<blockquote>
<p class="citation-small"><a href="https://histoire-en-citations.fr/WP/le-progres-oui-mais-de-la-gaule-a-lempire/#371">« Il faut faire suer les écus. »</a></p>
<p class="auteur">Maxime sous Louis XI</p>

</blockquote></div>
</div>
</div>
</div></div>
</div>
<div class="views-row views-row-7 views-row-odd">
<div class="views-field views-field-field-index-collection">
<div class="field-content">
<div class="field-collection-view clearfix view-mode-full field-collection-view-final">
<div class="entity entity-field-collection-item field-collection-item-field-index-collection clearfix">
<div class="content">
<blockquote>
<p class="citation-small"><a href="https://histoire-en-citations.fr/WP/haro-sur-limpot-une-tragedie-historique-jusqua-la-revolution/#372">« Le royaume est paisible et tranquille au point que les marchandises peuvent librement circuler […] Les impôts sont lourds ? Je ne les emploie que pour le bien et honneur du royaume et les diminuerai dès que je le pourrai. N’y ai-je pas le plus grand intérêt, puisque je suis le chef et le père de la chose publique ! »</a></p>
<p class="auteur"><span class="author"><span class="name">LOUIS XI</span></span> (1423-1483), 10 mars 1465</p>

</blockquote></div>
</div>
</div>
</div></div>
</div>
<div class="views-row views-row-8 views-row-even">
<div class="views-field views-field-field-index-collection">
<div class="field-content">
<div class="field-collection-view clearfix view-mode-full field-collection-view-final">
<div class="entity entity-field-collection-item field-collection-item-field-index-collection clearfix">
<div class="content">
<blockquote>
<p class="citation-small"><a href="https://histoire-en-citations.fr/WP/qui-a-dit-quoi-de-qui-1-gaule-et-moyen-age/#376">« Le renard crotté a échappé au repaire du loup. »</a></p>
<p class="auteur"><span class="author"><span class="surname">Philippe de </span><span class="name">COMMYNES</span></span> (1447-1511), <cite>Mémoires</cite> (1524)</p>

</blockquote></div>
</div>
</div>
</div></div>
</div>
<div class="views-row views-row-9 views-row-odd">
<div class="views-field views-field-field-index-collection">
<div class="field-content">
<div class="field-collection-view clearfix view-mode-full field-collection-view-final">
<div class="entity entity-field-collection-item field-collection-item-field-index-collection clearfix">
<div class="content">
<blockquote>
<p class="citation-small"><a href="https://histoire-en-citations.fr/WP/plus-de-50-idees-recues-qui-faussent-lhistoire/#378">« Car tel est notre plaisir. »</a></p>
<p class="auteur"><span class="author"><span class="name">LOUIS XI</span></span> (1423-1483), édit du 31 octobre 1472, forme des placets royaux</p>

</blockquote></div>
</div>
</div>
</div></div>
</div>
<div class="views-row views-row-10 views-row-even">
<div class="views-field views-field-field-index-collection">
<div class="field-content">
<div class="field-collection-view clearfix view-mode-full field-collection-view-final">
<div class="entity entity-field-collection-item field-collection-item-field-index-collection clearfix">
<div class="content">
<blockquote>
<p class="citation-small"><a href="https://histoire-en-citations.fr/WP/le-grand-betisier-historique/#413">« C’est la moins folle femme du monde, car de sage il n’y en a guère. »</a></p>
<p class="auteur"><span class="author"><span class="name">LOUIS XI</span></span> (1423-1483)</p>

</blockquote></div>
</div>
</div>
</div></div>
</div>
<div class="views-row views-row-11 views-row-odd">
<div class="views-field views-field-field-index-collection">
<div class="field-content">
<div class="field-collection-view clearfix view-mode-full field-collection-view-final">
<div class="entity entity-field-collection-item field-collection-item-field-index-collection clearfix">
<div class="content">
<blockquote>
<p class="citation-small"><a href="https://histoire-en-citations.fr/WP/qui-a-dit-quoi-de-qui-renaissance-naissance-de-la-monarchie-absolue/#437">« Car tel est notre plaisir. »</a></p>
<p class="auteur"><span class="author"><span class="name">FRANÇOIS I<sup>er</sup></span></span> (1494-1547)</p>

</blockquote></div>
</div>
</div>
</div></div>
</div>
<div class="views-row views-row-12 views-row-even views-row-last">
<div class="views-field views-field-field-index-collection">
<div class="field-content">
<div class="field-collection-view clearfix view-mode-full field-collection-view-final">
<div class="entity entity-field-collection-item field-collection-item-field-index-collection clearfix">
<div class="content">
<blockquote>
<p class="citation-small"><a href="https://histoire-en-citations.fr/WP/ces-etrangers-qui-firent-lhistoire-de-france-i/#543">« Gardez-vous de livrer bataille et souvenez-vous des conseils de Louis XI : la paix signée est toujours plus avantageuse avant la défaite. »</a></p>
<p class="auteur"><span class="author"><span class="name">CATHERINE DE MÉDICIS</span></span> (1519-1589), à son fils Henri III, 1576</p>

</blockquote></div>
</div>
</div>
</div></div>
</div>
</div>
</div>
</div>
<style>
        a .cit-num {
            text-decoration: none !important;
            color: inherit !important;
        }
    </style>

<p>Affichage de 1 &#8211; 12 sur 12. «&nbsp;Qui s’y frotte, s’y pique.&nbsp;»277LOUIS XI (1423-1483), devise «&nbsp;Mon très redouté seigneur, je me recommande à votre bonne grâce tant et si très humblement que je puis […] »361Dauphin LOUIS, futur LOUIS XI (1423-1483), Lettre à son père le roi Charles VII, octobre 1452 «&nbsp;Ce Dauphin en son Dauphiné, c’est déjà [&#8230;]</p>
