{"id":10499,"date":"2025-09-22T07:34:20","date_gmt":"2025-09-22T05:34:20","guid":{"rendered":"https:\/\/histoire-en-citations.fr\/WP\/malraux\/"},"modified":"2025-11-19T08:52:11","modified_gmt":"2025-11-19T07:52:11","slug":"malraux","status":"publish","type":"page","link":"https:\/\/histoire-en-citations.fr\/WP\/malraux\/","title":{"rendered":"Malraux"},"content":{"rendered":"<div class=\"content\">\n<div class=\"view view-index-taxo view-id-index_taxo view-display-id-page view-dom-id-a5ae263dad9f20927aef7db0609fd682\">\n<div class=\"view-header\">\n<p class=\"presentation\">Authentique aventurier dans sa jeunesse, auteur et prix Goncourt (<em>La Condition humaine<\/em>, 1933), relatant sa guerre d\u2019Espagne aux c\u00f4t\u00e9s des r\u00e9publicains dans <em>L\u2019Espoir<\/em> (1937), gaulliste de la premi\u00e8re heure et toujours fid\u00e8le au g\u00e9n\u00e9ral, ministre de la Culture inaugurant cette fonction sous la Cinqui\u00e8me R\u00e9publique, Malraux reste comme un grand t\u00e9moin du <span class=\"caps\">XX<\/span><sup>e<\/sup>\u00a0si\u00e8cle et une source de citations passionn\u00e9es autant que raisonn\u00e9es.<\/p>\n<p class=\"idxinfo\">Cliquez sur une citation pour la consulter dans son contexte historique.<a class=\"retour\" href=\"https:\/\/histoire-en-citations.fr\/WP\/personnages\/\">Retour aux personnages<\/a><\/p>\n<p> Affichage de 1 \u2013 10 sur 10.    <\/p><\/div>\n<div class=\"view-content\">\n<div class=\"views-row views-row-1 views-row-odd views-row-first\">\n<div class=\"views-field views-field-field-index-collection\">\n<div class=\"field-content\">\n<div class=\"field-collection-view clearfix view-mode-full field-collection-view-final\">\n<div class=\"entity entity-field-collection-item field-collection-item-field-index-collection clearfix\">\n<div class=\"content\">\n<blockquote>\n<p class=\"citation-small\"><a href=\"https:\/\/histoire-en-citations.fr\/WP\/plus-de-50-idees-recues-qui-faussent-lhistoire\/#11\">\u00ab\u00a0Et le Christ\u00a0? \u2014\u00a0C\u2019est un anarchiste qui a r\u00e9ussi. C\u2019est le seul.\u00a0\u00bb<\/a><\/p>\n<p class=\"auteur\"><span class=\"author\"><span class=\"surname\">Andr\u00e9 <\/span><span class=\"name\">MALRAUX<\/span><\/span> (1901-1976), <cite>L\u2019Espoir<\/cite> (1937)<\/p>\n\n<\/blockquote><\/div>\n<\/div>\n<\/div>\n<\/div><\/div>\n<\/div>\n<div class=\"views-row views-row-2 views-row-even\">\n<div class=\"views-field views-field-field-index-collection\">\n<div class=\"field-content\">\n<div class=\"field-collection-view clearfix view-mode-full field-collection-view-final\">\n<div class=\"entity entity-field-collection-item field-collection-item-field-index-collection clearfix\">\n<div class=\"content\">\n<blockquote>\n<p class=\"citation-small\"><a href=\"https:\/\/histoire-en-citations.fr\/WP\/les-mysteres-de-lhistoire-de-malraux-aux-diamants-de-bokassa\/#2684\">\u00ab\u00a0Les grandes man\u0153uvres sanglantes du monde \u00e9taient commenc\u00e9es.\u00a0\u00bb<\/a><\/p>\n<p class=\"auteur\"><span class=\"author\"><span class=\"surname\">Andr\u00e9 <\/span><span class=\"name\">MALRAUX<\/span><\/span> (1901-1976), <cite>L\u2019Espoir<\/cite> (1937)<\/p>\n\n<\/blockquote><\/div>\n<\/div>\n<\/div>\n<\/div><\/div>\n<\/div>\n<div class=\"views-row views-row-3 views-row-odd\">\n<div class=\"views-field views-field-field-index-collection\">\n<div class=\"field-content\">\n<div class=\"field-collection-view clearfix view-mode-full field-collection-view-final\">\n<div class=\"entity entity-field-collection-item field-collection-item-field-index-collection clearfix\">\n<div class=\"content\">\n<blockquote>\n<p class=\"citation-small\"><a href=\"https:\/\/histoire-en-citations.fr\/WP\/prix-nobel-les-grands-absents-de-la-liste-officielle\/#2690\">\u00ab\u00a0Il y a des guerres justes. Il n\u2019y a pas d\u2019arm\u00e9e juste.\u00a0\u00bb<\/a><\/p>\n<p class=\"auteur\"><span class=\"author\"><span class=\"surname\">Andr\u00e9 <\/span><span class=\"name\">MALRAUX<\/span><\/span> (1901-1976), <cite>L\u2019Espoir<\/cite> (1937)<\/p>\n\n<\/blockquote><\/div>\n<\/div>\n<\/div>\n<\/div><\/div>\n<\/div>\n<div class=\"views-row views-row-4 views-row-even\">\n<div class=\"views-field views-field-field-index-collection\">\n<div class=\"field-content\">\n<div class=\"field-collection-view clearfix view-mode-full field-collection-view-final\">\n<div class=\"entity entity-field-collection-item field-collection-item-field-index-collection clearfix\">\n<div class=\"content\">\n<blockquote>\n<p class=\"citation-small\"><a href=\"https:\/\/histoire-en-citations.fr\/WP\/portrait-de-charles-de-gaulle-en-citations\/#2725\">\u00ab\u00a0Chez de Gaulle, il n\u2019y a pas de Charles.\u00a0\u00bb<\/a><\/p>\n<p class=\"auteur\"><span class=\"author\"><span class=\"surname\">Andr\u00e9 <\/span><span class=\"name\">MALRAUX<\/span><\/span> (1901-1976)<\/p>\n\n<\/blockquote><\/div>\n<\/div>\n<\/div>\n<\/div><\/div>\n<\/div>\n<div class=\"views-row views-row-5 views-row-odd\">\n<div class=\"views-field views-field-field-index-collection\">\n<div class=\"field-content\">\n<div class=\"field-collection-view clearfix view-mode-full field-collection-view-final\">\n<div class=\"entity entity-field-collection-item field-collection-item-field-index-collection clearfix\">\n<div class=\"content\">\n<blockquote>\n<p class=\"citation-small\"><a href=\"https:\/\/histoire-en-citations.fr\/WP\/prix-nobel-les-grands-absents-de-la-liste-officielle\/#2797\">\u00ab\u00a0Pauvre roi supplici\u00e9 des ombres, regarde ton peuple d\u2019ombres se lever dans la nuit de juin constell\u00e9e de tortures.\u00a0\u00bb<\/a><\/p>\n<p class=\"auteur\"><span class=\"author\"><span class=\"surname\">Andr\u00e9 <\/span><span class=\"name\">MALRAUX<\/span><\/span> (1901-1976), Discours au Panth\u00e9on, lors du transfert des cendres de Jean Moulin, 19\u00a0d\u00e9cembre 1964<\/p>\n\n<\/blockquote><\/div>\n<\/div>\n<\/div>\n<\/div><\/div>\n<\/div>\n<div class=\"views-row views-row-6 views-row-even\">\n<div class=\"views-field views-field-field-index-collection\">\n<div class=\"field-content\">\n<div class=\"field-collection-view clearfix view-mode-full field-collection-view-final\">\n<div class=\"entity entity-field-collection-item field-collection-item-field-index-collection clearfix\">\n<div class=\"content\">\n<blockquote>\n<p class=\"citation-small\"><a href=\"https:\/\/histoire-en-citations.fr\/WP\/prix-nobel-les-grands-absents-de-la-liste-officielle\/#2810\">\u00ab\u00a0Je sais mal ce qu\u2019est la libert\u00e9, mais je sais bien ce qu\u2019est la lib\u00e9ration.\u00a0\u00bb<\/a><\/p>\n<p class=\"auteur\"><span class=\"author\"><span class=\"surname\">Andr\u00e9 <\/span><span class=\"name\">MALRAUX<\/span><\/span> (1901-1976), <cite>Antim\u00e9moires<\/cite> (1967)<\/p>\n\n<\/blockquote><\/div>\n<\/div>\n<\/div>\n<\/div><\/div>\n<\/div>\n<div class=\"views-row views-row-7 views-row-odd\">\n<div class=\"views-field views-field-field-index-collection\">\n<div class=\"field-content\">\n<div class=\"field-collection-view clearfix view-mode-full field-collection-view-final\">\n<div class=\"entity entity-field-collection-item field-collection-item-field-index-collection clearfix\">\n<div class=\"content\">\n<blockquote>\n<p class=\"citation-small\"><a href=\"https:\/\/histoire-en-citations.fr\/WP\/les-punchlines-quatrieme-republique\/#2868\">\u00ab\u00a0Le RPF, c\u2019est le m\u00e9tro \u00e0 6\u00a0heures du soir.\u00a0\u00bb<\/a><\/p>\n<p class=\"auteur\"><span class=\"author\"><span class=\"surname\">Andr\u00e9 <\/span><span class=\"name\">MALRAUX<\/span><\/span> (1901-1976), d\u00e9l\u00e9gu\u00e9 \u00e0 la propagande du RPF<\/p>\n\n<\/blockquote><\/div>\n<\/div>\n<\/div>\n<\/div><\/div>\n<\/div>\n<div class=\"views-row views-row-8 views-row-even\">\n<div class=\"views-field views-field-field-index-collection\">\n<div class=\"field-content\">\n<div class=\"field-collection-view clearfix view-mode-full field-collection-view-final\">\n<div class=\"entity entity-field-collection-item field-collection-item-field-index-collection clearfix\">\n<div class=\"content\">\n<blockquote>\n<p class=\"citation-small\"><a href=\"https:\/\/histoire-en-citations.fr\/WP\/prix-nobel-les-grands-absents-de-la-liste-officielle\/#2874\">\u00ab\u00a0Les \u00c9tats-Unis d\u2019Europe se feront dans la douleur, et les \u00c9tats-Unis du monde ne sont pas encore l\u00e0.\u00a0\u00bb<\/a><\/p>\n<p class=\"auteur\"><span class=\"author\"><span class=\"surname\">Andr\u00e9 <\/span><span class=\"name\">MALRAUX<\/span><\/span> (1901-1976), Appel aux intellectuels, 5\u00a0mars 1948 \u00e0 la salle Pleyel<\/p>\n\n<\/blockquote><\/div>\n<\/div>\n<\/div>\n<\/div><\/div>\n<\/div>\n<div class=\"views-row views-row-9 views-row-odd\">\n<div class=\"views-field views-field-field-index-collection\">\n<div class=\"field-content\">\n<div class=\"field-collection-view clearfix view-mode-full field-collection-view-final\">\n<div class=\"entity entity-field-collection-item field-collection-item-field-index-collection clearfix\">\n<div class=\"content\">\n<blockquote>\n<p class=\"citation-small\"><a href=\"https:\/\/histoire-en-citations.fr\/WP\/eloge-des-citations-apocryphes\/#2970\">\u00ab\u00a0Le XXIe\u00a0si\u00e8cle sera spirituel ou ne sera pas.\u00a0\u00bb<\/a><\/p>\n<p class=\"auteur\"><span class=\"author\"><span class=\"surname\">Andr\u00e9 <\/span><span class=\"name\">MALRAUX<\/span><\/span> (1901-1976), <cite>La L\u00e9gende du si\u00e8cle<\/cite> (1972)<\/p>\n\n<\/blockquote><\/div>\n<\/div>\n<\/div>\n<\/div><\/div>\n<\/div>\n<div class=\"views-row views-row-10 views-row-even views-row-last\">\n<div class=\"views-field views-field-field-index-collection\">\n<div class=\"field-content\">\n<div class=\"field-collection-view clearfix view-mode-full field-collection-view-final\">\n<div class=\"entity entity-field-collection-item field-collection-item-field-index-collection clearfix\">\n<div class=\"content\">\n<blockquote>\n<p class=\"citation-small\"><a href=\"https:\/\/histoire-en-citations.fr\/WP\/prix-nobel-les-grands-absents-de-la-liste-officielle\/#3031\">\u00ab\u00a0Autant qu\u2019\u00e0 l\u2019\u00e9cole, les masses ont droit au th\u00e9\u00e2tre, au mus\u00e9e. Il faut faire pour la culture ce que Jules Ferry faisait pour l\u2019instruction.\u00a0\u00bb<\/a><\/p>\n<p class=\"auteur\"><span class=\"author\"><span class=\"surname\">Andr\u00e9 <\/span><span class=\"name\">MALRAUX<\/span><\/span> (1901-1976), Discours \u00e0 l\u2019Assembl\u00e9e nationale, 27\u00a0octobre 1966<\/p>\n\n<\/blockquote><\/div>\n<\/div>\n<\/div>\n<\/div><\/div>\n<\/div>\n<\/div>\n<\/div>\n<\/div>\n<style>\r\n        a .cit-num {\r\n            text-decoration: none !important;\r\n            color: inherit !important;\r\n        }\r\n    <\/style>","protected":false},"excerpt":{"rendered":"<p>Authentique aventurier dans sa jeunesse, auteur et prix Goncourt (La Condition humaine, 1933), relatant sa guerre d\u2019Espagne aux c\u00f4t\u00e9s des r\u00e9publicains dans L\u2019Espoir (1937), gaulliste de la premi\u00e8re heure et toujours fid\u00e8le au g\u00e9n\u00e9ral, ministre de la Culture inaugurant cette fonction sous la Cinqui\u00e8me R\u00e9publique, Malraux reste comme un grand t\u00e9moin du XXe\u00a0si\u00e8cle et une [&#8230;]<\/p>\n","protected":false},"author":1,"featured_media":0,"parent":0,"menu_order":0,"comment_status":"closed","ping_status":"closed","template":"","meta":{"site-sidebar-layout":"default","site-content-layout":"","ast-site-content-layout":"default","site-content-style":"default","site-sidebar-style":"default","ast-global-header-display":"","ast-banner-title-visibility":"","ast-main-header-display":"","ast-hfb-above-header-display":"","ast-hfb-below-header-display":"","ast-hfb-mobile-header-display":"","site-post-title":"","ast-breadcrumbs-content":"","ast-featured-img":"","footer-sml-layout":"","theme-transparent-header-meta":"","adv-header-id-meta":"","stick-header-meta":"","header-above-stick-meta":"","header-main-stick-meta":"","header-below-stick-meta":"","astra-migrate-meta-layouts":"default","ast-page-background-enabled":"default","ast-page-background-meta":{"desktop":{"background-color":"var(--ast-global-color-5)","background-image":"","background-repeat":"repeat","background-position":"center center","background-size":"auto","background-attachment":"scroll","background-type":"","background-media":"","overlay-type":"","overlay-color":"","overlay-opacity":"","overlay-gradient":""},"tablet":{"background-color":"","background-image":"","background-repeat":"repeat","background-position":"center center","background-size":"auto","background-attachment":"scroll","background-type":"","background-media":"","overlay-type":"","overlay-color":"","overlay-opacity":"","overlay-gradient":""},"mobile":{"background-color":"","background-image":"","background-repeat":"repeat","background-position":"center center","background-size":"auto","background-attachment":"scroll","background-type":"","background-media":"","overlay-type":"","overlay-color":"","overlay-opacity":"","overlay-gradient":""}},"ast-content-background-meta":{"desktop":{"background-color":"var(--ast-global-color-4)","background-image":"","background-repeat":"repeat","background-position":"center center","background-size":"auto","background-attachment":"scroll","background-type":"","background-media":"","overlay-type":"","overlay-color":"","overlay-opacity":"","overlay-gradient":""},"tablet":{"background-color":"var(--ast-global-color-4)","background-image":"","background-repeat":"repeat","background-position":"center center","background-size":"auto","background-attachment":"scroll","background-type":"","background-media":"","overlay-type":"","overlay-color":"","overlay-opacity":"","overlay-gradient":""},"mobile":{"background-color":"var(--ast-global-color-4)","background-image":"","background-repeat":"repeat","background-position":"center center","background-size":"auto","background-attachment":"scroll","background-type":"","background-media":"","overlay-type":"","overlay-color":"","overlay-opacity":"","overlay-gradient":""}},"iawp_total_views":10,"footnotes":""},"class_list":["post-10499","page","type-page","status-publish","hentry"],"_links":{"self":[{"href":"https:\/\/histoire-en-citations.fr\/WP\/wp-json\/wp\/v2\/pages\/10499","targetHints":{"allow":["GET"]}}],"collection":[{"href":"https:\/\/histoire-en-citations.fr\/WP\/wp-json\/wp\/v2\/pages"}],"about":[{"href":"https:\/\/histoire-en-citations.fr\/WP\/wp-json\/wp\/v2\/types\/page"}],"author":[{"embeddable":true,"href":"https:\/\/histoire-en-citations.fr\/WP\/wp-json\/wp\/v2\/users\/1"}],"replies":[{"embeddable":true,"href":"https:\/\/histoire-en-citations.fr\/WP\/wp-json\/wp\/v2\/comments?post=10499"}],"version-history":[{"count":5,"href":"https:\/\/histoire-en-citations.fr\/WP\/wp-json\/wp\/v2\/pages\/10499\/revisions"}],"predecessor-version":[{"id":15140,"href":"https:\/\/histoire-en-citations.fr\/WP\/wp-json\/wp\/v2\/pages\/10499\/revisions\/15140"}],"wp:attachment":[{"href":"https:\/\/histoire-en-citations.fr\/WP\/wp-json\/wp\/v2\/media?parent=10499"}],"curies":[{"name":"wp","href":"https:\/\/api.w.org\/{rel}","templated":true}]}}

<div class="content">
<div class="view view-index-taxo view-id-index_taxo view-display-id-page view-dom-id-a5ae263dad9f20927aef7db0609fd682">
<div class="view-header">
<p class="presentation">Authentique aventurier dans sa jeunesse, auteur et prix Goncourt (<em>La Condition humaine</em>, 1933), relatant sa guerre d’Espagne aux côtés des républicains dans <em>L’Espoir</em> (1937), gaulliste de la première heure et toujours fidèle au général, ministre de la Culture inaugurant cette fonction sous la Cinquième République, Malraux reste comme un grand témoin du <span class="caps">XX</span><sup>e</sup> siècle et une source de citations passionnées autant que raisonnées.</p>
<p class="idxinfo">Cliquez sur une citation pour la consulter dans son contexte historique.<a class="retour" href="https://histoire-en-citations.fr/WP/personnages/">Retour aux personnages</a></p>
<p> Affichage de 1 – 10 sur 10.    </p></div>
<div class="view-content">
<div class="views-row views-row-1 views-row-odd views-row-first">
<div class="views-field views-field-field-index-collection">
<div class="field-content">
<div class="field-collection-view clearfix view-mode-full field-collection-view-final">
<div class="entity entity-field-collection-item field-collection-item-field-index-collection clearfix">
<div class="content">
<blockquote>
<p class="citation-small"><a href="https://histoire-en-citations.fr/WP/plus-de-50-idees-recues-qui-faussent-lhistoire/#11">« Et le Christ ? — C’est un anarchiste qui a réussi. C’est le seul. »</a></p>
<p class="auteur"><span class="author"><span class="surname">André </span><span class="name">MALRAUX</span></span> (1901-1976), <cite>L’Espoir</cite> (1937)</p>

</blockquote></div>
</div>
</div>
</div></div>
</div>
<div class="views-row views-row-2 views-row-even">
<div class="views-field views-field-field-index-collection">
<div class="field-content">
<div class="field-collection-view clearfix view-mode-full field-collection-view-final">
<div class="entity entity-field-collection-item field-collection-item-field-index-collection clearfix">
<div class="content">
<blockquote>
<p class="citation-small"><a href="https://histoire-en-citations.fr/WP/les-mysteres-de-lhistoire-de-malraux-aux-diamants-de-bokassa/#2684">« Les grandes manœuvres sanglantes du monde étaient commencées. »</a></p>
<p class="auteur"><span class="author"><span class="surname">André </span><span class="name">MALRAUX</span></span> (1901-1976), <cite>L’Espoir</cite> (1937)</p>

</blockquote></div>
</div>
</div>
</div></div>
</div>
<div class="views-row views-row-3 views-row-odd">
<div class="views-field views-field-field-index-collection">
<div class="field-content">
<div class="field-collection-view clearfix view-mode-full field-collection-view-final">
<div class="entity entity-field-collection-item field-collection-item-field-index-collection clearfix">
<div class="content">
<blockquote>
<p class="citation-small"><a href="https://histoire-en-citations.fr/WP/prix-nobel-les-grands-absents-de-la-liste-officielle/#2690">« Il y a des guerres justes. Il n’y a pas d’armée juste. »</a></p>
<p class="auteur"><span class="author"><span class="surname">André </span><span class="name">MALRAUX</span></span> (1901-1976), <cite>L’Espoir</cite> (1937)</p>

</blockquote></div>
</div>
</div>
</div></div>
</div>
<div class="views-row views-row-4 views-row-even">
<div class="views-field views-field-field-index-collection">
<div class="field-content">
<div class="field-collection-view clearfix view-mode-full field-collection-view-final">
<div class="entity entity-field-collection-item field-collection-item-field-index-collection clearfix">
<div class="content">
<blockquote>
<p class="citation-small"><a href="https://histoire-en-citations.fr/WP/portrait-de-charles-de-gaulle-en-citations/#2725">« Chez de Gaulle, il n’y a pas de Charles. »</a></p>
<p class="auteur"><span class="author"><span class="surname">André </span><span class="name">MALRAUX</span></span> (1901-1976)</p>

</blockquote></div>
</div>
</div>
</div></div>
</div>
<div class="views-row views-row-5 views-row-odd">
<div class="views-field views-field-field-index-collection">
<div class="field-content">
<div class="field-collection-view clearfix view-mode-full field-collection-view-final">
<div class="entity entity-field-collection-item field-collection-item-field-index-collection clearfix">
<div class="content">
<blockquote>
<p class="citation-small"><a href="https://histoire-en-citations.fr/WP/prix-nobel-les-grands-absents-de-la-liste-officielle/#2797">« Pauvre roi supplicié des ombres, regarde ton peuple d’ombres se lever dans la nuit de juin constellée de tortures. »</a></p>
<p class="auteur"><span class="author"><span class="surname">André </span><span class="name">MALRAUX</span></span> (1901-1976), Discours au Panthéon, lors du transfert des cendres de Jean Moulin, 19 décembre 1964</p>

</blockquote></div>
</div>
</div>
</div></div>
</div>
<div class="views-row views-row-6 views-row-even">
<div class="views-field views-field-field-index-collection">
<div class="field-content">
<div class="field-collection-view clearfix view-mode-full field-collection-view-final">
<div class="entity entity-field-collection-item field-collection-item-field-index-collection clearfix">
<div class="content">
<blockquote>
<p class="citation-small"><a href="https://histoire-en-citations.fr/WP/prix-nobel-les-grands-absents-de-la-liste-officielle/#2810">« Je sais mal ce qu’est la liberté, mais je sais bien ce qu’est la libération. »</a></p>
<p class="auteur"><span class="author"><span class="surname">André </span><span class="name">MALRAUX</span></span> (1901-1976), <cite>Antimémoires</cite> (1967)</p>

</blockquote></div>
</div>
</div>
</div></div>
</div>
<div class="views-row views-row-7 views-row-odd">
<div class="views-field views-field-field-index-collection">
<div class="field-content">
<div class="field-collection-view clearfix view-mode-full field-collection-view-final">
<div class="entity entity-field-collection-item field-collection-item-field-index-collection clearfix">
<div class="content">
<blockquote>
<p class="citation-small"><a href="https://histoire-en-citations.fr/WP/les-punchlines-quatrieme-republique/#2868">« Le RPF, c’est le métro à 6 heures du soir. »</a></p>
<p class="auteur"><span class="author"><span class="surname">André </span><span class="name">MALRAUX</span></span> (1901-1976), délégué à la propagande du RPF</p>

</blockquote></div>
</div>
</div>
</div></div>
</div>
<div class="views-row views-row-8 views-row-even">
<div class="views-field views-field-field-index-collection">
<div class="field-content">
<div class="field-collection-view clearfix view-mode-full field-collection-view-final">
<div class="entity entity-field-collection-item field-collection-item-field-index-collection clearfix">
<div class="content">
<blockquote>
<p class="citation-small"><a href="https://histoire-en-citations.fr/WP/prix-nobel-les-grands-absents-de-la-liste-officielle/#2874">« Les États-Unis d’Europe se feront dans la douleur, et les États-Unis du monde ne sont pas encore là. »</a></p>
<p class="auteur"><span class="author"><span class="surname">André </span><span class="name">MALRAUX</span></span> (1901-1976), Appel aux intellectuels, 5 mars 1948 à la salle Pleyel</p>

</blockquote></div>
</div>
</div>
</div></div>
</div>
<div class="views-row views-row-9 views-row-odd">
<div class="views-field views-field-field-index-collection">
<div class="field-content">
<div class="field-collection-view clearfix view-mode-full field-collection-view-final">
<div class="entity entity-field-collection-item field-collection-item-field-index-collection clearfix">
<div class="content">
<blockquote>
<p class="citation-small"><a href="https://histoire-en-citations.fr/WP/eloge-des-citations-apocryphes/#2970">« Le XXIe siècle sera spirituel ou ne sera pas. »</a></p>
<p class="auteur"><span class="author"><span class="surname">André </span><span class="name">MALRAUX</span></span> (1901-1976), <cite>La Légende du siècle</cite> (1972)</p>

</blockquote></div>
</div>
</div>
</div></div>
</div>
<div class="views-row views-row-10 views-row-even views-row-last">
<div class="views-field views-field-field-index-collection">
<div class="field-content">
<div class="field-collection-view clearfix view-mode-full field-collection-view-final">
<div class="entity entity-field-collection-item field-collection-item-field-index-collection clearfix">
<div class="content">
<blockquote>
<p class="citation-small"><a href="https://histoire-en-citations.fr/WP/prix-nobel-les-grands-absents-de-la-liste-officielle/#3031">« Autant qu’à l’école, les masses ont droit au théâtre, au musée. Il faut faire pour la culture ce que Jules Ferry faisait pour l’instruction. »</a></p>
<p class="auteur"><span class="author"><span class="surname">André </span><span class="name">MALRAUX</span></span> (1901-1976), Discours à l’Assemblée nationale, 27 octobre 1966</p>

</blockquote></div>
</div>
</div>
</div></div>
</div>
</div>
</div>
</div>
<style>
        a .cit-num {
            text-decoration: none !important;
            color: inherit !important;
        }
    </style>

<p>Authentique aventurier dans sa jeunesse, auteur et prix Goncourt (La Condition humaine, 1933), relatant sa guerre d’Espagne aux côtés des républicains dans L’Espoir (1937), gaulliste de la première heure et toujours fidèle au général, ministre de la Culture inaugurant cette fonction sous la Cinquième République, Malraux reste comme un grand témoin du XXe siècle et une [&#8230;]</p>
