{"id":10543,"date":"2025-09-22T07:33:12","date_gmt":"2025-09-22T05:33:12","guid":{"rendered":"https:\/\/histoire-en-citations.fr\/WP\/sartre\/"},"modified":"2025-09-22T07:33:12","modified_gmt":"2025-09-22T05:33:12","slug":"sartre","status":"publish","type":"page","link":"https:\/\/histoire-en-citations.fr\/WP\/sartre\/","title":{"rendered":"Sartre"},"content":{"rendered":"<div class=\"content\">\n<div class=\"view view-index-taxo view-id-index_taxo view-display-id-page view-dom-id-783c39b064feed27a08ab09ae322ffb7\">\n<div class=\"view-header\">       Affichage de 1 \u2013 8 sur 8.    <\/div>\n<div class=\"view-content\">\n<div class=\"views-row views-row-1 views-row-odd views-row-first\">\n<div class=\"views-field views-field-field-index-collection\">\n<div class=\"field-content\">\n<div class=\"field-collection-view clearfix view-mode-full field-collection-view-final\">\n<div class=\"entity entity-field-collection-item field-collection-item-field-index-collection clearfix\">\n<div class=\"content\">\n<blockquote>\n<p class=\"citation-small\"><a href=\"https:\/\/histoire-en-citations.fr\/WP\/la-guerre-histoire-en-citations-dune-tragedie-seculaire-et-quotidienne-troisieme-republique#2668\">\u00ab\u00a0On a ri longtemps de ce m\u00e9lodrame o\u00f9 l\u2019auteur faisait dire \u00e0 des soldats de Bouvines\u00a0: \u00ab\u00a0Nous autres, chevaliers de la guerre de Cent Ans\u00a0\u00bb. C\u2019est fort bien fait, mais il faut donc rire de nous-m\u00eames\u00a0: nos jeunes gens s\u2019intitulaient \u00ab\u00a0g\u00e9n\u00e9ration de l\u2019entre-deux-guerres\u00a0\u00bb quatre ans avant l\u2019accord de Munich.\u00a0\u00bb<\/a><\/p>\n<p class=\"auteur\"><span class=\"author\"><span class=\"surname\">Jean-Paul <\/span><span class=\"name\">SARTRE<\/span><\/span> (1905-1980), <cite>Situations II<\/cite> (1948)<\/p>\n\n<\/blockquote><\/div>\n<\/div>\n<\/div>\n<\/div><\/div>\n<\/div>\n<div class=\"views-row views-row-2 views-row-even\">\n<div class=\"views-field views-field-field-index-collection\">\n<div class=\"field-content\">\n<div class=\"field-collection-view clearfix view-mode-full field-collection-view-final\">\n<div class=\"entity entity-field-collection-item field-collection-item-field-index-collection clearfix\">\n<div class=\"content\">\n<blockquote>\n<p class=\"citation-small\"><a href=\"https:\/\/histoire-en-citations.fr\/WP\/les-nobel-francais-de-lhistoire-de-1952-a-1965#2744\">\u00ab\u00a0Oui, papa, nous voil\u00e0\u00a0: vingt mille types qui voulaient \u00eatre des h\u00e9ros et qui se sont rendus sans combattre en rase campagne.\u00a0\u00bb<\/a><\/p>\n<p class=\"auteur\"><span class=\"author\"><span class=\"surname\">Jean-Paul <\/span><span class=\"name\">SARTRE<\/span><\/span> (1905-1980), <cite>La Mort dans l\u2019\u00e2me<\/cite> (1940)<\/p>\n\n<\/blockquote><\/div>\n<\/div>\n<\/div>\n<\/div><\/div>\n<\/div>\n<div class=\"views-row views-row-3 views-row-odd\">\n<div class=\"views-field views-field-field-index-collection\">\n<div class=\"field-content\">\n<div class=\"field-collection-view clearfix view-mode-full field-collection-view-final\">\n<div class=\"entity entity-field-collection-item field-collection-item-field-index-collection clearfix\">\n<div class=\"content\">\n<blockquote>\n<p class=\"citation-small\"><a href=\"https:\/\/histoire-en-citations.fr\/WP\/40-petites-et-grandes-erreurs-historiques-en-citations-de-la-iiie-republique-a-nos-jours#2834\">\u00ab\u00a0La v\u00e9rit\u00e9 est une, seule l\u2019erreur est multiple. Ce n\u2019est pas un hasard si la droite professe le pluralisme.\u00a0\u00bb<\/a><\/p>\n<p class=\"auteur\"><span class=\"author\"><span class=\"surname\">Simone de <\/span><span class=\"name\">BEAUVOIR<\/span><\/span> (1908-1986)<\/p>\n\n<\/blockquote><\/div>\n<\/div>\n<\/div>\n<\/div><\/div>\n<\/div>\n<div class=\"views-row views-row-4 views-row-even\">\n<div class=\"views-field views-field-field-index-collection\">\n<div class=\"field-content\">\n<div class=\"field-collection-view clearfix view-mode-full field-collection-view-final\">\n<div class=\"entity entity-field-collection-item field-collection-item-field-index-collection clearfix\">\n<div class=\"content\">\n<blockquote>\n<p class=\"citation-small\"><a href=\"https:\/\/histoire-en-citations.fr\/WP\/plus-de-50-idees-recues-qui-faussent-lhistoire#2854\">\u00ab\u00a0Le pr\u00e9sent enveloppe le pass\u00e9 et dans le pass\u00e9 toute l\u2019Histoire a \u00e9t\u00e9 faite par des m\u00e2les.\u00a0\u00bb<\/a><\/p>\n<p class=\"auteur\"><span class=\"author\"><span class=\"surname\">Simone de <\/span><span class=\"name\">BEAUVOIR<\/span><\/span> (1908-1986), <cite>Le Deuxi\u00e8me Sexe<\/cite> (1949)<\/p>\n\n<\/blockquote><\/div>\n<\/div>\n<\/div>\n<\/div><\/div>\n<\/div>\n<div class=\"views-row views-row-5 views-row-odd\">\n<div class=\"views-field views-field-field-index-collection\">\n<div class=\"field-content\">\n<div class=\"field-collection-view clearfix view-mode-full field-collection-view-final\">\n<div class=\"entity entity-field-collection-item field-collection-item-field-index-collection clearfix\">\n<div class=\"content\">\n<blockquote>\n<p class=\"citation-small\"><a href=\"https:\/\/histoire-en-citations.fr\/WP\/eloge-des-citations-apocryphes#2907\">\u00ab\u00a0Il ne faut pas d\u00e9sesp\u00e9rer Billancourt.\u00a0\u00bb<\/a><\/p>\n<p class=\"auteur\"><span class=\"author\"><span class=\"surname\">Jean-Paul <\/span><span class=\"name\">SARTRE<\/span><\/span> (1905-1980), \u00ab\u00a0d\u2019apr\u00e8s\u00a0\u00bb <cite>Nekrassov<\/cite>, cr\u00e9\u00e9 au Th\u00e9\u00e2tre Antoine, 1955<\/p>\n\n<\/blockquote><\/div>\n<\/div>\n<\/div>\n<\/div><\/div>\n<\/div>\n<div class=\"views-row views-row-6 views-row-even\">\n<div class=\"views-field views-field-field-index-collection\">\n<div class=\"field-content\">\n<div class=\"field-collection-view clearfix view-mode-full field-collection-view-final\">\n<div class=\"entity entity-field-collection-item field-collection-item-field-index-collection clearfix\">\n<div class=\"content\">\n<blockquote>\n<p class=\"citation-small\"><a href=\"https:\/\/histoire-en-citations.fr\/WP\/les-nobel-francais-de-lhistoire-de-1952-a-1965#2995\">\u00ab\u00a0La gauche est impuissante et elle le restera si elle n\u2019accepte pas d\u2019unir ses efforts \u00e0 la seule force qui lutte aujourd\u2019hui r\u00e9ellement contre l\u2019ennemi commun des libert\u00e9s alg\u00e9riennes et des libert\u00e9s fran\u00e7aises. Et cette force est le FLN.\u00a0\u00bb<\/a><\/p>\n<p class=\"auteur\"><span class=\"author\"><span class=\"surname\">Jean-Paul <\/span><span class=\"name\">SARTRE<\/span><\/span> (1905-1980), Lettre au proc\u00e8s Jeanson (5\u00a0septembre-1<sup>er<\/sup>\u00a0octobre 1960)<\/p>\n\n<\/blockquote><\/div>\n<\/div>\n<\/div>\n<\/div><\/div>\n<\/div>\n<div class=\"views-row views-row-7 views-row-odd\">\n<div class=\"views-field views-field-field-index-collection\">\n<div class=\"field-content\">\n<div class=\"field-collection-view clearfix view-mode-full field-collection-view-final\">\n<div class=\"entity entity-field-collection-item field-collection-item-field-index-collection clearfix\">\n<div class=\"content\">\n<blockquote>\n<p class=\"citation-small\"><a href=\"https:\/\/histoire-en-citations.fr\/WP\/les-nobel-francais-de-lhistoire-de-1952-a-1965#3059\">\u00ab\u00a0Ce qui me semble le plus important, c\u2019est qu\u2019actuellement les fils de la bourgeoisie s\u2019unissent aux ouvriers dans un esprit r\u00e9volutionnaire.\u00a0\u00bb<\/a><\/p>\n<p class=\"auteur\"><span class=\"author\"><span class=\"surname\">Jean-Paul <\/span><span class=\"name\">SARTRE<\/span><\/span> (1905-1980), Sorbonne, 20\u00a0mai 1968<\/p>\n\n<\/blockquote><\/div>\n<\/div>\n<\/div>\n<\/div><\/div>\n<\/div>\n<div class=\"views-row views-row-8 views-row-even views-row-last\">\n<div class=\"views-field views-field-field-index-collection\">\n<div class=\"field-content\">\n<div class=\"field-collection-view clearfix view-mode-full field-collection-view-final\">\n<div class=\"entity entity-field-collection-item field-collection-item-field-index-collection clearfix\">\n<div class=\"content\">\n<blockquote>\n<p class=\"citation-small\"><a href=\"https:\/\/histoire-en-citations.fr\/WP\/les-nobel-francais-de-lhistoire-de-1952-a-1965#3189\">\u00ab\u00a0Le premier des droits de l\u2019homme, c\u2019est le devoir pour certains d\u2019aider les autres \u00e0 vivre.\u00a0\u00bb<\/a><\/p>\n<p class=\"auteur\"><span class=\"author\"><span class=\"surname\">Jean-Paul <\/span><span class=\"name\">SARTRE<\/span><\/span> (1905-1980), au pr\u00e9sident Giscard d\u2019Estaing, 26\u00a0juin 1979<\/p>\n\n<\/blockquote><\/div>\n<\/div>\n<\/div>\n<\/div><\/div>\n<\/div>\n<\/div>\n<\/div>\n<\/div>\n<style>\r\n        a .cit-num {\r\n            text-decoration: none !important;\r\n            color: inherit !important;\r\n        }\r\n    <\/style>","protected":false},"excerpt":{"rendered":"<p>Affichage de 1 &#8211; 8 sur 8. \u00ab&nbsp;On a ri longtemps de ce m\u00e9lodrame o\u00f9 l&rsquo;auteur faisait dire \u00e0 des soldats de Bouvines&nbsp;: \u00ab\u00a0Nous autres, chevaliers de la guerre de Cent Ans\u00a0\u00bb. C&rsquo;est fort bien fait, mais il faut donc rire de nous-m\u00eames&nbsp;: nos jeunes gens s&rsquo;intitulaient \u00ab\u00a0g\u00e9n\u00e9ration de l&rsquo;entre-deux-guerres\u00a0\u00bb quatre ans avant l&rsquo;accord de [&#8230;]<\/p>\n","protected":false},"author":1,"featured_media":0,"parent":0,"menu_order":0,"comment_status":"closed","ping_status":"closed","template":"","meta":{"site-sidebar-layout":"default","site-content-layout":"","ast-site-content-layout":"default","site-content-style":"default","site-sidebar-style":"default","ast-global-header-display":"","ast-banner-title-visibility":"","ast-main-header-display":"","ast-hfb-above-header-display":"","ast-hfb-below-header-display":"","ast-hfb-mobile-header-display":"","site-post-title":"","ast-breadcrumbs-content":"","ast-featured-img":"","footer-sml-layout":"","theme-transparent-header-meta":"","adv-header-id-meta":"","stick-header-meta":"","header-above-stick-meta":"","header-main-stick-meta":"","header-below-stick-meta":"","astra-migrate-meta-layouts":"default","ast-page-background-enabled":"default","ast-page-background-meta":{"desktop":{"background-color":"var(--ast-global-color-5)","background-image":"","background-repeat":"repeat","background-position":"center center","background-size":"auto","background-attachment":"scroll","background-type":"","background-media":"","overlay-type":"","overlay-color":"","overlay-opacity":"","overlay-gradient":""},"tablet":{"background-color":"","background-image":"","background-repeat":"repeat","background-position":"center center","background-size":"auto","background-attachment":"scroll","background-type":"","background-media":"","overlay-type":"","overlay-color":"","overlay-opacity":"","overlay-gradient":""},"mobile":{"background-color":"","background-image":"","background-repeat":"repeat","background-position":"center center","background-size":"auto","background-attachment":"scroll","background-type":"","background-media":"","overlay-type":"","overlay-color":"","overlay-opacity":"","overlay-gradient":""}},"ast-content-background-meta":{"desktop":{"background-color":"var(--ast-global-color-4)","background-image":"","background-repeat":"repeat","background-position":"center center","background-size":"auto","background-attachment":"scroll","background-type":"","background-media":"","overlay-type":"","overlay-color":"","overlay-opacity":"","overlay-gradient":""},"tablet":{"background-color":"var(--ast-global-color-4)","background-image":"","background-repeat":"repeat","background-position":"center center","background-size":"auto","background-attachment":"scroll","background-type":"","background-media":"","overlay-type":"","overlay-color":"","overlay-opacity":"","overlay-gradient":""},"mobile":{"background-color":"var(--ast-global-color-4)","background-image":"","background-repeat":"repeat","background-position":"center center","background-size":"auto","background-attachment":"scroll","background-type":"","background-media":"","overlay-type":"","overlay-color":"","overlay-opacity":"","overlay-gradient":""}},"iawp_total_views":4,"footnotes":""},"class_list":["post-10543","page","type-page","status-publish","hentry"],"_links":{"self":[{"href":"https:\/\/histoire-en-citations.fr\/WP\/wp-json\/wp\/v2\/pages\/10543","targetHints":{"allow":["GET"]}}],"collection":[{"href":"https:\/\/histoire-en-citations.fr\/WP\/wp-json\/wp\/v2\/pages"}],"about":[{"href":"https:\/\/histoire-en-citations.fr\/WP\/wp-json\/wp\/v2\/types\/page"}],"author":[{"embeddable":true,"href":"https:\/\/histoire-en-citations.fr\/WP\/wp-json\/wp\/v2\/users\/1"}],"replies":[{"embeddable":true,"href":"https:\/\/histoire-en-citations.fr\/WP\/wp-json\/wp\/v2\/comments?post=10543"}],"version-history":[{"count":3,"href":"https:\/\/histoire-en-citations.fr\/WP\/wp-json\/wp\/v2\/pages\/10543\/revisions"}],"predecessor-version":[{"id":13687,"href":"https:\/\/histoire-en-citations.fr\/WP\/wp-json\/wp\/v2\/pages\/10543\/revisions\/13687"}],"wp:attachment":[{"href":"https:\/\/histoire-en-citations.fr\/WP\/wp-json\/wp\/v2\/media?parent=10543"}],"curies":[{"name":"wp","href":"https:\/\/api.w.org\/{rel}","templated":true}]}}

<div class="content">
<div class="view view-index-taxo view-id-index_taxo view-display-id-page view-dom-id-783c39b064feed27a08ab09ae322ffb7">
<div class="view-header">       Affichage de 1 – 8 sur 8.    </div>
<div class="view-content">
<div class="views-row views-row-1 views-row-odd views-row-first">
<div class="views-field views-field-field-index-collection">
<div class="field-content">
<div class="field-collection-view clearfix view-mode-full field-collection-view-final">
<div class="entity entity-field-collection-item field-collection-item-field-index-collection clearfix">
<div class="content">
<blockquote>
<p class="citation-small"><a href="https://histoire-en-citations.fr/WP/la-guerre-histoire-en-citations-dune-tragedie-seculaire-et-quotidienne-troisieme-republique#2668">« On a ri longtemps de ce mélodrame où l’auteur faisait dire à des soldats de Bouvines : « Nous autres, chevaliers de la guerre de Cent Ans ». C’est fort bien fait, mais il faut donc rire de nous-mêmes : nos jeunes gens s’intitulaient « génération de l’entre-deux-guerres » quatre ans avant l’accord de Munich. »</a></p>
<p class="auteur"><span class="author"><span class="surname">Jean-Paul </span><span class="name">SARTRE</span></span> (1905-1980), <cite>Situations II</cite> (1948)</p>

</blockquote></div>
</div>
</div>
</div></div>
</div>
<div class="views-row views-row-2 views-row-even">
<div class="views-field views-field-field-index-collection">
<div class="field-content">
<div class="field-collection-view clearfix view-mode-full field-collection-view-final">
<div class="entity entity-field-collection-item field-collection-item-field-index-collection clearfix">
<div class="content">
<blockquote>
<p class="citation-small"><a href="https://histoire-en-citations.fr/WP/les-nobel-francais-de-lhistoire-de-1952-a-1965#2744">« Oui, papa, nous voilà : vingt mille types qui voulaient être des héros et qui se sont rendus sans combattre en rase campagne. »</a></p>
<p class="auteur"><span class="author"><span class="surname">Jean-Paul </span><span class="name">SARTRE</span></span> (1905-1980), <cite>La Mort dans l’âme</cite> (1940)</p>

</blockquote></div>
</div>
</div>
</div></div>
</div>
<div class="views-row views-row-3 views-row-odd">
<div class="views-field views-field-field-index-collection">
<div class="field-content">
<div class="field-collection-view clearfix view-mode-full field-collection-view-final">
<div class="entity entity-field-collection-item field-collection-item-field-index-collection clearfix">
<div class="content">
<blockquote>
<p class="citation-small"><a href="https://histoire-en-citations.fr/WP/40-petites-et-grandes-erreurs-historiques-en-citations-de-la-iiie-republique-a-nos-jours#2834">« La vérité est une, seule l’erreur est multiple. Ce n’est pas un hasard si la droite professe le pluralisme. »</a></p>
<p class="auteur"><span class="author"><span class="surname">Simone de </span><span class="name">BEAUVOIR</span></span> (1908-1986)</p>

</blockquote></div>
</div>
</div>
</div></div>
</div>
<div class="views-row views-row-4 views-row-even">
<div class="views-field views-field-field-index-collection">
<div class="field-content">
<div class="field-collection-view clearfix view-mode-full field-collection-view-final">
<div class="entity entity-field-collection-item field-collection-item-field-index-collection clearfix">
<div class="content">
<blockquote>
<p class="citation-small"><a href="https://histoire-en-citations.fr/WP/plus-de-50-idees-recues-qui-faussent-lhistoire#2854">« Le présent enveloppe le passé et dans le passé toute l’Histoire a été faite par des mâles. »</a></p>
<p class="auteur"><span class="author"><span class="surname">Simone de </span><span class="name">BEAUVOIR</span></span> (1908-1986), <cite>Le Deuxième Sexe</cite> (1949)</p>

</blockquote></div>
</div>
</div>
</div></div>
</div>
<div class="views-row views-row-5 views-row-odd">
<div class="views-field views-field-field-index-collection">
<div class="field-content">
<div class="field-collection-view clearfix view-mode-full field-collection-view-final">
<div class="entity entity-field-collection-item field-collection-item-field-index-collection clearfix">
<div class="content">
<blockquote>
<p class="citation-small"><a href="https://histoire-en-citations.fr/WP/eloge-des-citations-apocryphes#2907">« Il ne faut pas désespérer Billancourt. »</a></p>
<p class="auteur"><span class="author"><span class="surname">Jean-Paul </span><span class="name">SARTRE</span></span> (1905-1980), « d’après » <cite>Nekrassov</cite>, créé au Théâtre Antoine, 1955</p>

</blockquote></div>
</div>
</div>
</div></div>
</div>
<div class="views-row views-row-6 views-row-even">
<div class="views-field views-field-field-index-collection">
<div class="field-content">
<div class="field-collection-view clearfix view-mode-full field-collection-view-final">
<div class="entity entity-field-collection-item field-collection-item-field-index-collection clearfix">
<div class="content">
<blockquote>
<p class="citation-small"><a href="https://histoire-en-citations.fr/WP/les-nobel-francais-de-lhistoire-de-1952-a-1965#2995">« La gauche est impuissante et elle le restera si elle n’accepte pas d’unir ses efforts à la seule force qui lutte aujourd’hui réellement contre l’ennemi commun des libertés algériennes et des libertés françaises. Et cette force est le FLN. »</a></p>
<p class="auteur"><span class="author"><span class="surname">Jean-Paul </span><span class="name">SARTRE</span></span> (1905-1980), Lettre au procès Jeanson (5 septembre-1<sup>er</sup> octobre 1960)</p>

</blockquote></div>
</div>
</div>
</div></div>
</div>
<div class="views-row views-row-7 views-row-odd">
<div class="views-field views-field-field-index-collection">
<div class="field-content">
<div class="field-collection-view clearfix view-mode-full field-collection-view-final">
<div class="entity entity-field-collection-item field-collection-item-field-index-collection clearfix">
<div class="content">
<blockquote>
<p class="citation-small"><a href="https://histoire-en-citations.fr/WP/les-nobel-francais-de-lhistoire-de-1952-a-1965#3059">« Ce qui me semble le plus important, c’est qu’actuellement les fils de la bourgeoisie s’unissent aux ouvriers dans un esprit révolutionnaire. »</a></p>
<p class="auteur"><span class="author"><span class="surname">Jean-Paul </span><span class="name">SARTRE</span></span> (1905-1980), Sorbonne, 20 mai 1968</p>

</blockquote></div>
</div>
</div>
</div></div>
</div>
<div class="views-row views-row-8 views-row-even views-row-last">
<div class="views-field views-field-field-index-collection">
<div class="field-content">
<div class="field-collection-view clearfix view-mode-full field-collection-view-final">
<div class="entity entity-field-collection-item field-collection-item-field-index-collection clearfix">
<div class="content">
<blockquote>
<p class="citation-small"><a href="https://histoire-en-citations.fr/WP/les-nobel-francais-de-lhistoire-de-1952-a-1965#3189">« Le premier des droits de l’homme, c’est le devoir pour certains d’aider les autres à vivre. »</a></p>
<p class="auteur"><span class="author"><span class="surname">Jean-Paul </span><span class="name">SARTRE</span></span> (1905-1980), au président Giscard d’Estaing, 26 juin 1979</p>

</blockquote></div>
</div>
</div>
</div></div>
</div>
</div>
</div>
</div>
<style>
        a .cit-num {
            text-decoration: none !important;
            color: inherit !important;
        }
    </style>

<p>Affichage de 1 &#8211; 8 sur 8. «&nbsp;On a ri longtemps de ce mélodrame où l&rsquo;auteur faisait dire à des soldats de Bouvines&nbsp;: « Nous autres, chevaliers de la guerre de Cent Ans ». C&rsquo;est fort bien fait, mais il faut donc rire de nous-mêmes&nbsp;: nos jeunes gens s&rsquo;intitulaient « génération de l&rsquo;entre-deux-guerres » quatre ans avant l&rsquo;accord de [&#8230;]</p>
