{"id":10549,"date":"2025-09-22T07:32:56","date_gmt":"2025-09-22T05:32:56","guid":{"rendered":"https:\/\/histoire-en-citations.fr\/WP\/vercingetorix\/"},"modified":"2025-09-22T07:32:56","modified_gmt":"2025-09-22T05:32:56","slug":"vercingetorix","status":"publish","type":"page","link":"https:\/\/histoire-en-citations.fr\/WP\/vercingetorix\/","title":{"rendered":"Vercing\u00e9torix"},"content":{"rendered":"<div class=\"content\">\n<div class=\"view view-index-taxo view-id-index_taxo view-display-id-page view-dom-id-d4eb036b718edc4b016db7ea9df7ce7f\">\n<div class=\"view-header\">\n<p class=\"presentation\">Premier duel de l\u2019histoire, un jeune chef gaulois affronte le plus illustre g\u00e9n\u00e9ral romain, C\u00e9sar\u00a0: une \u00e9pop\u00e9e de dix mois qui finit (mal) \u00e0 Al\u00e9sia (52 av. J-C). Entre l\u00e9gende et v\u00e9rit\u00e9, ce vaincu, red\u00e9couvert par les historiens au <span class=\"caps\">XIX<\/span><sup>e<\/sup>\u00a0si\u00e8cle et popularis\u00e9 jusque dans la bande dessin\u00e9e, est paradoxalement le premier h\u00e9ros de notre r\u00e9cit national (suivi par Jeanne d\u2019Arc, \u00e9galement vaincue apr\u00e8s une br\u00e8ve \u00e9pop\u00e9e).<\/p>\n<p class=\"idxinfo\">Cliquez sur une citation pour la consulter dans son contexte historique.<a class=\"retour\" href=\"https:\/\/histoire-en-citations.fr\/WP\/personnages\/\">Retour aux personnages<\/a><\/p>\n<p> Affichage de 1 \u2013 3 sur 3.    <\/p><\/div>\n<div class=\"view-content\">\n<div class=\"views-row views-row-1 views-row-odd views-row-first\">\n<div class=\"views-field views-field-field-index-collection\">\n<div class=\"field-content\">\n<div class=\"field-collection-view clearfix view-mode-full field-collection-view-final\">\n<div class=\"entity entity-field-collection-item field-collection-item-field-index-collection clearfix\">\n<div class=\"content\">\n<blockquote>\n<p class=\"citation-small\"><a href=\"https:\/\/histoire-en-citations.fr\/WP\/ces-etrangers-qui-firent-lhistoire-de-france-i#22\">\u00ab\u00a0Quand nous ne formerons en Gaule qu\u2019une seule volont\u00e9, le monde entier ne pourra nous r\u00e9sister.\u00a0\u00bb<\/a><\/p>\n<p class=\"auteur\"><span class=\"author\"><span class=\"name\">VERCING\u00c9TORIX<\/span><\/span> (vers 72-46 av. J.C.), \u00e0 ses troupes, mai\u00a052 av.\u00a0J.C., \u00e0 Gergovie<\/p>\n\n<\/blockquote><\/div>\n<\/div>\n<\/div>\n<\/div><\/div>\n<\/div>\n<div class=\"views-row views-row-2 views-row-even\">\n<div class=\"views-field views-field-field-index-collection\">\n<div class=\"field-content\">\n<div class=\"field-collection-view clearfix view-mode-full field-collection-view-final\">\n<div class=\"entity entity-field-collection-item field-collection-item-field-index-collection clearfix\">\n<div class=\"content\">\n<blockquote>\n<p class=\"citation-small\"><a href=\"https:\/\/histoire-en-citations.fr\/WP\/plus-de-50-idees-recues-qui-faussent-lhistoire#23\">\u00ab\u00a0Prends-les\u00a0! Je suis brave, mais tu es plus brave encore, et tu m\u2019as vaincu.\u00a0\u00bb<\/a><\/p>\n<p class=\"auteur\"><span class=\"author\"><span class=\"name\">VERCING\u00c9TORIX<\/span><\/span> (vers 72-46 av. J.C.), jetant ses armes aux pieds de C\u00e9sar, fin septembre\u00a052 av.\u00a0J.C., \u00e0 Al\u00e9sia<\/p>\n\n<\/blockquote><\/div>\n<\/div>\n<\/div>\n<\/div><\/div>\n<\/div>\n<div class=\"views-row views-row-3 views-row-odd views-row-last\">\n<div class=\"views-field views-field-field-index-collection\">\n<div class=\"field-content\">\n<div class=\"field-collection-view clearfix view-mode-full field-collection-view-final\">\n<div class=\"entity entity-field-collection-item field-collection-item-field-index-collection clearfix\">\n<div class=\"content\">\n<blockquote>\n<p class=\"citation-small\"><a href=\"https:\/\/histoire-en-citations.fr\/WP\/la-politique-est-elle-en-panne-de-reve#24\">\u00ab\u00a0Sa courte vie de combattant eut cette \u00e9l\u00e9gante beaut\u00e9 qui charmait les Anciens et qui \u00e9tait une faveur des Dieux.\u00a0\u00bb<\/a><\/p>\n<p class=\"auteur\"><span class=\"author\"><span class=\"surname\">Camille <\/span><span class=\"name\">JULLIAN<\/span><\/span> (1859-1933), <cite>Vercing\u00e9torix<\/cite> (1902)<\/p>\n\n<\/blockquote><\/div>\n<\/div>\n<\/div>\n<\/div><\/div>\n<\/div>\n<\/div>\n<\/div>\n<\/div>\n<style>\r\n        a .cit-num {\r\n            text-decoration: none !important;\r\n            color: inherit !important;\r\n        }\r\n    <\/style>","protected":false},"excerpt":{"rendered":"<p>Premier duel de l\u2019histoire, un jeune chef gaulois affronte le plus illustre g\u00e9n\u00e9ral romain, C\u00e9sar\u00a0: une \u00e9pop\u00e9e de dix mois qui finit (mal) \u00e0 Al\u00e9sia (52 av. J-C). Entre l\u00e9gende et v\u00e9rit\u00e9, ce vaincu, red\u00e9couvert par les historiens au XIXe\u00a0si\u00e8cle et popularis\u00e9 jusque dans la bande dessin\u00e9e, est paradoxalement le premier h\u00e9ros de notre r\u00e9cit [&#8230;]<\/p>\n","protected":false},"author":1,"featured_media":0,"parent":0,"menu_order":0,"comment_status":"closed","ping_status":"closed","template":"","meta":{"site-sidebar-layout":"default","site-content-layout":"","ast-site-content-layout":"default","site-content-style":"default","site-sidebar-style":"default","ast-global-header-display":"","ast-banner-title-visibility":"","ast-main-header-display":"","ast-hfb-above-header-display":"","ast-hfb-below-header-display":"","ast-hfb-mobile-header-display":"","site-post-title":"","ast-breadcrumbs-content":"","ast-featured-img":"","footer-sml-layout":"","theme-transparent-header-meta":"","adv-header-id-meta":"","stick-header-meta":"","header-above-stick-meta":"","header-main-stick-meta":"","header-below-stick-meta":"","astra-migrate-meta-layouts":"default","ast-page-background-enabled":"default","ast-page-background-meta":{"desktop":{"background-color":"var(--ast-global-color-5)","background-image":"","background-repeat":"repeat","background-position":"center center","background-size":"auto","background-attachment":"scroll","background-type":"","background-media":"","overlay-type":"","overlay-color":"","overlay-opacity":"","overlay-gradient":""},"tablet":{"background-color":"","background-image":"","background-repeat":"repeat","background-position":"center center","background-size":"auto","background-attachment":"scroll","background-type":"","background-media":"","overlay-type":"","overlay-color":"","overlay-opacity":"","overlay-gradient":""},"mobile":{"background-color":"","background-image":"","background-repeat":"repeat","background-position":"center center","background-size":"auto","background-attachment":"scroll","background-type":"","background-media":"","overlay-type":"","overlay-color":"","overlay-opacity":"","overlay-gradient":""}},"ast-content-background-meta":{"desktop":{"background-color":"var(--ast-global-color-4)","background-image":"","background-repeat":"repeat","background-position":"center center","background-size":"auto","background-attachment":"scroll","background-type":"","background-media":"","overlay-type":"","overlay-color":"","overlay-opacity":"","overlay-gradient":""},"tablet":{"background-color":"var(--ast-global-color-4)","background-image":"","background-repeat":"repeat","background-position":"center center","background-size":"auto","background-attachment":"scroll","background-type":"","background-media":"","overlay-type":"","overlay-color":"","overlay-opacity":"","overlay-gradient":""},"mobile":{"background-color":"var(--ast-global-color-4)","background-image":"","background-repeat":"repeat","background-position":"center center","background-size":"auto","background-attachment":"scroll","background-type":"","background-media":"","overlay-type":"","overlay-color":"","overlay-opacity":"","overlay-gradient":""}},"iawp_total_views":74,"footnotes":""},"class_list":["post-10549","page","type-page","status-publish","hentry"],"_links":{"self":[{"href":"https:\/\/histoire-en-citations.fr\/WP\/wp-json\/wp\/v2\/pages\/10549","targetHints":{"allow":["GET"]}}],"collection":[{"href":"https:\/\/histoire-en-citations.fr\/WP\/wp-json\/wp\/v2\/pages"}],"about":[{"href":"https:\/\/histoire-en-citations.fr\/WP\/wp-json\/wp\/v2\/types\/page"}],"author":[{"embeddable":true,"href":"https:\/\/histoire-en-citations.fr\/WP\/wp-json\/wp\/v2\/users\/1"}],"replies":[{"embeddable":true,"href":"https:\/\/histoire-en-citations.fr\/WP\/wp-json\/wp\/v2\/comments?post=10549"}],"version-history":[{"count":3,"href":"https:\/\/histoire-en-citations.fr\/WP\/wp-json\/wp\/v2\/pages\/10549\/revisions"}],"predecessor-version":[{"id":13690,"href":"https:\/\/histoire-en-citations.fr\/WP\/wp-json\/wp\/v2\/pages\/10549\/revisions\/13690"}],"wp:attachment":[{"href":"https:\/\/histoire-en-citations.fr\/WP\/wp-json\/wp\/v2\/media?parent=10549"}],"curies":[{"name":"wp","href":"https:\/\/api.w.org\/{rel}","templated":true}]}}

Vercingétorix

<div class="content">
<div class="view view-index-taxo view-id-index_taxo view-display-id-page view-dom-id-d4eb036b718edc4b016db7ea9df7ce7f">
<div class="view-header">
<p class="presentation">Premier duel de l’histoire, un jeune chef gaulois affronte le plus illustre général romain, César : une épopée de dix mois qui finit (mal) à Alésia (52 av. J-C). Entre légende et vérité, ce vaincu, redécouvert par les historiens au <span class="caps">XIX</span><sup>e</sup> siècle et popularisé jusque dans la bande dessinée, est paradoxalement le premier héros de notre récit national (suivi par Jeanne d’Arc, également vaincue après une brève épopée).</p>
<p class="idxinfo">Cliquez sur une citation pour la consulter dans son contexte historique.<a class="retour" href="https://histoire-en-citations.fr/WP/personnages/">Retour aux personnages</a></p>
<p> Affichage de 1 – 3 sur 3.    </p></div>
<div class="view-content">
<div class="views-row views-row-1 views-row-odd views-row-first">
<div class="views-field views-field-field-index-collection">
<div class="field-content">
<div class="field-collection-view clearfix view-mode-full field-collection-view-final">
<div class="entity entity-field-collection-item field-collection-item-field-index-collection clearfix">
<div class="content">
<blockquote>
<p class="citation-small"><a href="https://histoire-en-citations.fr/WP/ces-etrangers-qui-firent-lhistoire-de-france-i#22">« Quand nous ne formerons en Gaule qu’une seule volonté, le monde entier ne pourra nous résister. »</a></p>
<p class="auteur"><span class="author"><span class="name">VERCINGÉTORIX</span></span> (vers 72-46 av. J.C.), à ses troupes, mai 52 av. J.C., à Gergovie</p>

</blockquote></div>
</div>
</div>
</div></div>
</div>
<div class="views-row views-row-2 views-row-even">
<div class="views-field views-field-field-index-collection">
<div class="field-content">
<div class="field-collection-view clearfix view-mode-full field-collection-view-final">
<div class="entity entity-field-collection-item field-collection-item-field-index-collection clearfix">
<div class="content">
<blockquote>
<p class="citation-small"><a href="https://histoire-en-citations.fr/WP/plus-de-50-idees-recues-qui-faussent-lhistoire#23">« Prends-les ! Je suis brave, mais tu es plus brave encore, et tu m’as vaincu. »</a></p>
<p class="auteur"><span class="author"><span class="name">VERCINGÉTORIX</span></span> (vers 72-46 av. J.C.), jetant ses armes aux pieds de César, fin septembre 52 av. J.C., à Alésia</p>

</blockquote></div>
</div>
</div>
</div></div>
</div>
<div class="views-row views-row-3 views-row-odd views-row-last">
<div class="views-field views-field-field-index-collection">
<div class="field-content">
<div class="field-collection-view clearfix view-mode-full field-collection-view-final">
<div class="entity entity-field-collection-item field-collection-item-field-index-collection clearfix">
<div class="content">
<blockquote>
<p class="citation-small"><a href="https://histoire-en-citations.fr/WP/la-politique-est-elle-en-panne-de-reve#24">« Sa courte vie de combattant eut cette élégante beauté qui charmait les Anciens et qui était une faveur des Dieux. »</a></p>
<p class="auteur"><span class="author"><span class="surname">Camille </span><span class="name">JULLIAN</span></span> (1859-1933), <cite>Vercingétorix</cite> (1902)</p>

</blockquote></div>
</div>
</div>
</div></div>
</div>
</div>
</div>
</div>
<style>
        a .cit-num {
            text-decoration: none !important;
            color: inherit !important;
        }
    </style>

<p>Premier duel de l’histoire, un jeune chef gaulois affronte le plus illustre général romain, César : une épopée de dix mois qui finit (mal) à Alésia (52 av. J-C). Entre légende et vérité, ce vaincu, redécouvert par les historiens au XIXe siècle et popularisé jusque dans la bande dessinée, est paradoxalement le premier héros de notre récit [&#8230;]</p>
