{"id":10603,"date":"2025-09-22T07:31:52","date_gmt":"2025-09-22T05:31:52","guid":{"rendered":"https:\/\/histoire-en-citations.fr\/WP\/commerce\/"},"modified":"2025-09-22T07:31:52","modified_gmt":"2025-09-22T05:31:52","slug":"commerce","status":"publish","type":"page","link":"https:\/\/histoire-en-citations.fr\/WP\/commerce\/","title":{"rendered":"commerce"},"content":{"rendered":"<div class=\"content\">\n<div class=\"view view-index-taxo view-id-index_taxo view-display-id-page view-dom-id-f7d3cbced8e3c98bf749809ae4f9c37e\">\n<div class=\"view-header\">\n<p class=\"presentation\">Les hommes et les pays font commerce depuis qu\u2019ils existent, pour vivre et s\u2019enrichir autant que possible. Cette r\u00e9alit\u00e9 \u00e9conomique rev\u00eat toutes les formes imaginables, prenant pour d\u00e9cor la foire locale ou le monde entier. Colbert d\u00e9finissait le commerce comme une \u201c\u00a0guerre d\u2019argent\u00a0\u201d. Il s\u2019ensuit le pire et le meilleur.<\/p>\n<p class=\"idxinfo\">Cliquez sur une citation pour la consulter dans son contexte historique.<a href=\"https:\/\/histoire-en-citations.fr\/WP\/indexation\/\" class=\"retour\">Retour \u00e0 l\u2019index<\/a><\/p>\n<p> Affichage de 1 \u2013 6 sur 6.    <\/p><\/div>\n<div class=\"view-content\">\n<div class=\"views-row views-row-1 views-row-odd views-row-first\">\n<div class=\"views-field views-field-field-index-collection\">\n<div class=\"field-content\">\n<div class=\"field-collection-view clearfix view-mode-full field-collection-view-final\">\n<div class=\"entity entity-field-collection-item field-collection-item-field-index-collection clearfix\">\n<div class=\"content\">\n<blockquote>\n<p class=\"citation-small\"><a href=\"https:\/\/histoire-en-citations.fr\/WP\/haro-sur-limpot-une-tragedie-historique-jusqua-la-revolution#372\">\u00ab\u00a0Le royaume est paisible et tranquille au point que les marchandises peuvent librement circuler [\u2026] Les imp\u00f4ts sont lourds\u00a0? Je ne les emploie que pour le bien et honneur du royaume et les diminuerai d\u00e8s que je le pourrai. N\u2019y ai-je pas le plus grand int\u00e9r\u00eat, puisque je suis le chef et le p\u00e8re de la chose publique\u00a0!\u00a0\u00bb<\/a><\/p>\n<p class=\"auteur\"><span class=\"author\"><span class=\"name\">LOUIS XI<\/span><\/span> (1423-1483), 10 mars\u00a01465<\/p>\n\n<\/blockquote><\/div>\n<\/div>\n<\/div>\n<\/div><\/div>\n<\/div>\n<div class=\"views-row views-row-2 views-row-even\">\n<div class=\"views-field views-field-field-index-collection\">\n<div class=\"field-content\">\n<div class=\"field-collection-view clearfix view-mode-full field-collection-view-final\">\n<div class=\"entity entity-field-collection-item field-collection-item-field-index-collection clearfix\">\n<div class=\"content\">\n<blockquote>\n<p class=\"citation-small\"><a href=\"https:\/\/histoire-en-citations.fr\/WP\/la-guerre-histoire-en-citations-dune-tragedie-seculaire-et-quotidienne-siecle-de-louis-xiv-et-siecle-des-lumieres#835\">\u00ab\u00a0Il n\u2019y a rien de plus n\u00e9cessaire dans un \u00c9tat que le commerce [\u2026] Le commerce est une guerre d\u2019argent.\u00a0\u00bb<\/a><\/p>\n<p class=\"auteur\"><span class=\"author\"><span class=\"surname\">Jean-Baptiste <\/span><span class=\"name\">COLBERT<\/span><\/span> (1619-1683), <cite>M\u00e9moire sur le commerce<\/cite> (1664)<\/p>\n\n<\/blockquote><\/div>\n<\/div>\n<\/div>\n<\/div><\/div>\n<\/div>\n<div class=\"views-row views-row-3 views-row-odd\">\n<div class=\"views-field views-field-field-index-collection\">\n<div class=\"field-content\">\n<div class=\"field-collection-view clearfix view-mode-full field-collection-view-final\">\n<div class=\"entity entity-field-collection-item field-collection-item-field-index-collection clearfix\">\n<div class=\"content\">\n<blockquote>\n<p class=\"citation-small\"><a href=\"https:\/\/histoire-en-citations.fr\/WP\/la-guerre-histoire-en-citations-dune-tragedie-seculaire-et-quotidienne-napoleon#1670\">\u00ab\u00a0Soldats\u00a0! Vous allez entreprendre une conqu\u00eate dont les effets sur la civilisation et le commerce du monde sont incalculables. Vous porterez \u00e0 l\u2019Angleterre le coup le plus s\u00fbr et le plus sensible en attendant que vous puissiez lui donner le coup de mort.\u00a0\u00bb<\/a><\/p>\n<p class=\"auteur\"><span class=\"author\"><span class=\"surname\">Napol\u00e9on <\/span><span class=\"name\">BONAPARTE<\/span><\/span> (1769-1821), Proclamation \u00e0 ses troupes le 22\u00a0juin 1798, en mer, avant le d\u00e9barquement du 28\u00a0juin en \u00c9gypte<\/p>\n\n<\/blockquote><\/div>\n<\/div>\n<\/div>\n<\/div><\/div>\n<\/div>\n<div class=\"views-row views-row-4 views-row-even\">\n<div class=\"views-field views-field-field-index-collection\">\n<div class=\"field-content\">\n<div class=\"field-collection-view clearfix view-mode-full field-collection-view-final\">\n<div class=\"entity entity-field-collection-item field-collection-item-field-index-collection clearfix\">\n<div class=\"content\">\n<blockquote>\n<p class=\"citation-small\"><a href=\"https:\/\/histoire-en-citations.fr\/WP\/le-gouvernement-reve#1740\">\u00ab\u00a0Les vraies colonies d\u2019un peuple commer\u00e7ant, ce sont les peuples ind\u00e9pendants de toutes les parties du monde.\u00a0\u00bb<\/a><\/p>\n<p class=\"auteur\"><span class=\"author\"><span class=\"surname\">Jean-Baptiste <\/span><span class=\"name\">SAY<\/span><\/span> (1767-1832), <cite>Trait\u00e9 d\u2019\u00e9conomie politique ou simple exposition de la mani\u00e8re dont se forment, se distribuent et se consomment les richesses<\/cite> (1803)<\/p>\n\n<\/blockquote><\/div>\n<\/div>\n<\/div>\n<\/div><\/div>\n<\/div>\n<div class=\"views-row views-row-5 views-row-odd\">\n<div class=\"views-field views-field-field-index-collection\">\n<div class=\"field-content\">\n<div class=\"field-collection-view clearfix view-mode-full field-collection-view-final\">\n<div class=\"entity entity-field-collection-item field-collection-item-field-index-collection clearfix\">\n<div class=\"content\">\n<blockquote>\n<p class=\"citation-small\"><a href=\"https:\/\/histoire-en-citations.fr\/WP\/la-guerre-histoire-en-citations-dune-tragedie-seculaire-et-quotidienne-napoleon#1820\">\u00ab\u00a0Je veux conqu\u00e9rir la mer par la puissance de la terre.\u00a0\u00bb<\/a><\/p>\n<p class=\"auteur\"><span class=\"author\"><span class=\"name\">NAPOL\u00c9ON\u00a0I<sup>er<\/sup><\/span><\/span> (1769-1821), D\u00e9cret de Berlin, 21\u00a0novembre\u00a01806<\/p>\n\n<\/blockquote><\/div>\n<\/div>\n<\/div>\n<\/div><\/div>\n<\/div>\n<div class=\"views-row views-row-6 views-row-even views-row-last\">\n<div class=\"views-field views-field-field-index-collection\">\n<div class=\"field-content\">\n<div class=\"field-collection-view clearfix view-mode-full field-collection-view-final\">\n<div class=\"entity entity-field-collection-item field-collection-item-field-index-collection clearfix\">\n<div class=\"content\">\n<blockquote>\n<p class=\"citation-small\"><a href=\"https:\/\/histoire-en-citations.fr\/WP\/lecture-recommandee-en-temps-de-vacances-les-memoires-de-la-monarchie-de-juillet-a-nos-jours#2946\">\u00ab\u00a0Ouverte sur le monde, l\u2019\u00e9conomie fran\u00e7aise est d\u2019une telle sensibilit\u00e9 que l\u2019expression \u00ab\u00a0ind\u00e9pendance nationale\u00a0\u00bb est anachronique.\u00a0\u00bb<\/a><\/p>\n<p class=\"auteur\"><span class=\"author\"><span class=\"surname\">Alfred <\/span><span class=\"name\">SAUVY<\/span><\/span> (1898-1990), <cite>La Vie en plus<\/cite> (1981)<\/p>\n\n<\/blockquote><\/div>\n<\/div>\n<\/div>\n<\/div><\/div>\n<\/div>\n<\/div>\n<\/div>\n<\/div>\n<style>\r\n        a .cit-num {\r\n            text-decoration: none !important;\r\n            color: inherit !important;\r\n        }\r\n    <\/style>","protected":false},"excerpt":{"rendered":"<p>Les hommes et les pays font commerce depuis qu\u2019ils existent, pour vivre et s\u2019enrichir autant que possible. Cette r\u00e9alit\u00e9 \u00e9conomique rev\u00eat toutes les formes imaginables, prenant pour d\u00e9cor la foire locale ou le monde entier. Colbert d\u00e9finissait le commerce comme une \u201c\u00a0guerre d\u2019argent\u00a0\u201d. Il s\u2019ensuit le pire et le meilleur. Cliquez sur une citation pour [&#8230;]<\/p>\n","protected":false},"author":1,"featured_media":0,"parent":0,"menu_order":0,"comment_status":"closed","ping_status":"closed","template":"","meta":{"site-sidebar-layout":"default","site-content-layout":"","ast-site-content-layout":"default","site-content-style":"default","site-sidebar-style":"default","ast-global-header-display":"","ast-banner-title-visibility":"","ast-main-header-display":"","ast-hfb-above-header-display":"","ast-hfb-below-header-display":"","ast-hfb-mobile-header-display":"","site-post-title":"","ast-breadcrumbs-content":"","ast-featured-img":"","footer-sml-layout":"","theme-transparent-header-meta":"","adv-header-id-meta":"","stick-header-meta":"","header-above-stick-meta":"","header-main-stick-meta":"","header-below-stick-meta":"","astra-migrate-meta-layouts":"default","ast-page-background-enabled":"default","ast-page-background-meta":{"desktop":{"background-color":"var(--ast-global-color-5)","background-image":"","background-repeat":"repeat","background-position":"center center","background-size":"auto","background-attachment":"scroll","background-type":"","background-media":"","overlay-type":"","overlay-color":"","overlay-opacity":"","overlay-gradient":""},"tablet":{"background-color":"","background-image":"","background-repeat":"repeat","background-position":"center center","background-size":"auto","background-attachment":"scroll","background-type":"","background-media":"","overlay-type":"","overlay-color":"","overlay-opacity":"","overlay-gradient":""},"mobile":{"background-color":"","background-image":"","background-repeat":"repeat","background-position":"center center","background-size":"auto","background-attachment":"scroll","background-type":"","background-media":"","overlay-type":"","overlay-color":"","overlay-opacity":"","overlay-gradient":""}},"ast-content-background-meta":{"desktop":{"background-color":"var(--ast-global-color-4)","background-image":"","background-repeat":"repeat","background-position":"center center","background-size":"auto","background-attachment":"scroll","background-type":"","background-media":"","overlay-type":"","overlay-color":"","overlay-opacity":"","overlay-gradient":""},"tablet":{"background-color":"var(--ast-global-color-4)","background-image":"","background-repeat":"repeat","background-position":"center center","background-size":"auto","background-attachment":"scroll","background-type":"","background-media":"","overlay-type":"","overlay-color":"","overlay-opacity":"","overlay-gradient":""},"mobile":{"background-color":"var(--ast-global-color-4)","background-image":"","background-repeat":"repeat","background-position":"center center","background-size":"auto","background-attachment":"scroll","background-type":"","background-media":"","overlay-type":"","overlay-color":"","overlay-opacity":"","overlay-gradient":""}},"iawp_total_views":29,"footnotes":""},"class_list":["post-10603","page","type-page","status-publish","hentry"],"_links":{"self":[{"href":"https:\/\/histoire-en-citations.fr\/WP\/wp-json\/wp\/v2\/pages\/10603","targetHints":{"allow":["GET"]}}],"collection":[{"href":"https:\/\/histoire-en-citations.fr\/WP\/wp-json\/wp\/v2\/pages"}],"about":[{"href":"https:\/\/histoire-en-citations.fr\/WP\/wp-json\/wp\/v2\/types\/page"}],"author":[{"embeddable":true,"href":"https:\/\/histoire-en-citations.fr\/WP\/wp-json\/wp\/v2\/users\/1"}],"replies":[{"embeddable":true,"href":"https:\/\/histoire-en-citations.fr\/WP\/wp-json\/wp\/v2\/comments?post=10603"}],"version-history":[{"count":3,"href":"https:\/\/histoire-en-citations.fr\/WP\/wp-json\/wp\/v2\/pages\/10603\/revisions"}],"predecessor-version":[{"id":13518,"href":"https:\/\/histoire-en-citations.fr\/WP\/wp-json\/wp\/v2\/pages\/10603\/revisions\/13518"}],"wp:attachment":[{"href":"https:\/\/histoire-en-citations.fr\/WP\/wp-json\/wp\/v2\/media?parent=10603"}],"curies":[{"name":"wp","href":"https:\/\/api.w.org\/{rel}","templated":true}]}}

<div class="content">
<div class="view view-index-taxo view-id-index_taxo view-display-id-page view-dom-id-f7d3cbced8e3c98bf749809ae4f9c37e">
<div class="view-header">
<p class="presentation">Les hommes et les pays font commerce depuis qu’ils existent, pour vivre et s’enrichir autant que possible. Cette réalité économique revêt toutes les formes imaginables, prenant pour décor la foire locale ou le monde entier. Colbert définissait le commerce comme une “ guerre d’argent ”. Il s’ensuit le pire et le meilleur.</p>
<p class="idxinfo">Cliquez sur une citation pour la consulter dans son contexte historique.<a href="https://histoire-en-citations.fr/WP/indexation/" class="retour">Retour à l’index</a></p>
<p> Affichage de 1 – 6 sur 6.    </p></div>
<div class="view-content">
<div class="views-row views-row-1 views-row-odd views-row-first">
<div class="views-field views-field-field-index-collection">
<div class="field-content">
<div class="field-collection-view clearfix view-mode-full field-collection-view-final">
<div class="entity entity-field-collection-item field-collection-item-field-index-collection clearfix">
<div class="content">
<blockquote>
<p class="citation-small"><a href="https://histoire-en-citations.fr/WP/haro-sur-limpot-une-tragedie-historique-jusqua-la-revolution#372">« Le royaume est paisible et tranquille au point que les marchandises peuvent librement circuler […] Les impôts sont lourds ? Je ne les emploie que pour le bien et honneur du royaume et les diminuerai dès que je le pourrai. N’y ai-je pas le plus grand intérêt, puisque je suis le chef et le père de la chose publique ! »</a></p>
<p class="auteur"><span class="author"><span class="name">LOUIS XI</span></span> (1423-1483), 10 mars 1465</p>

</blockquote></div>
</div>
</div>
</div></div>
</div>
<div class="views-row views-row-2 views-row-even">
<div class="views-field views-field-field-index-collection">
<div class="field-content">
<div class="field-collection-view clearfix view-mode-full field-collection-view-final">
<div class="entity entity-field-collection-item field-collection-item-field-index-collection clearfix">
<div class="content">
<blockquote>
<p class="citation-small"><a href="https://histoire-en-citations.fr/WP/la-guerre-histoire-en-citations-dune-tragedie-seculaire-et-quotidienne-siecle-de-louis-xiv-et-siecle-des-lumieres#835">« Il n’y a rien de plus nécessaire dans un État que le commerce […] Le commerce est une guerre d’argent. »</a></p>
<p class="auteur"><span class="author"><span class="surname">Jean-Baptiste </span><span class="name">COLBERT</span></span> (1619-1683), <cite>Mémoire sur le commerce</cite> (1664)</p>

</blockquote></div>
</div>
</div>
</div></div>
</div>
<div class="views-row views-row-3 views-row-odd">
<div class="views-field views-field-field-index-collection">
<div class="field-content">
<div class="field-collection-view clearfix view-mode-full field-collection-view-final">
<div class="entity entity-field-collection-item field-collection-item-field-index-collection clearfix">
<div class="content">
<blockquote>
<p class="citation-small"><a href="https://histoire-en-citations.fr/WP/la-guerre-histoire-en-citations-dune-tragedie-seculaire-et-quotidienne-napoleon#1670">« Soldats ! Vous allez entreprendre une conquête dont les effets sur la civilisation et le commerce du monde sont incalculables. Vous porterez à l’Angleterre le coup le plus sûr et le plus sensible en attendant que vous puissiez lui donner le coup de mort. »</a></p>
<p class="auteur"><span class="author"><span class="surname">Napoléon </span><span class="name">BONAPARTE</span></span> (1769-1821), Proclamation à ses troupes le 22 juin 1798, en mer, avant le débarquement du 28 juin en Égypte</p>

</blockquote></div>
</div>
</div>
</div></div>
</div>
<div class="views-row views-row-4 views-row-even">
<div class="views-field views-field-field-index-collection">
<div class="field-content">
<div class="field-collection-view clearfix view-mode-full field-collection-view-final">
<div class="entity entity-field-collection-item field-collection-item-field-index-collection clearfix">
<div class="content">
<blockquote>
<p class="citation-small"><a href="https://histoire-en-citations.fr/WP/le-gouvernement-reve#1740">« Les vraies colonies d’un peuple commerçant, ce sont les peuples indépendants de toutes les parties du monde. »</a></p>
<p class="auteur"><span class="author"><span class="surname">Jean-Baptiste </span><span class="name">SAY</span></span> (1767-1832), <cite>Traité d’économie politique ou simple exposition de la manière dont se forment, se distribuent et se consomment les richesses</cite> (1803)</p>

</blockquote></div>
</div>
</div>
</div></div>
</div>
<div class="views-row views-row-5 views-row-odd">
<div class="views-field views-field-field-index-collection">
<div class="field-content">
<div class="field-collection-view clearfix view-mode-full field-collection-view-final">
<div class="entity entity-field-collection-item field-collection-item-field-index-collection clearfix">
<div class="content">
<blockquote>
<p class="citation-small"><a href="https://histoire-en-citations.fr/WP/la-guerre-histoire-en-citations-dune-tragedie-seculaire-et-quotidienne-napoleon#1820">« Je veux conquérir la mer par la puissance de la terre. »</a></p>
<p class="auteur"><span class="author"><span class="name">NAPOLÉON I<sup>er</sup></span></span> (1769-1821), Décret de Berlin, 21 novembre 1806</p>

</blockquote></div>
</div>
</div>
</div></div>
</div>
<div class="views-row views-row-6 views-row-even views-row-last">
<div class="views-field views-field-field-index-collection">
<div class="field-content">
<div class="field-collection-view clearfix view-mode-full field-collection-view-final">
<div class="entity entity-field-collection-item field-collection-item-field-index-collection clearfix">
<div class="content">
<blockquote>
<p class="citation-small"><a href="https://histoire-en-citations.fr/WP/lecture-recommandee-en-temps-de-vacances-les-memoires-de-la-monarchie-de-juillet-a-nos-jours#2946">« Ouverte sur le monde, l’économie française est d’une telle sensibilité que l’expression « indépendance nationale » est anachronique. »</a></p>
<p class="auteur"><span class="author"><span class="surname">Alfred </span><span class="name">SAUVY</span></span> (1898-1990), <cite>La Vie en plus</cite> (1981)</p>

</blockquote></div>
</div>
</div>
</div></div>
</div>
</div>
</div>
</div>
<style>
        a .cit-num {
            text-decoration: none !important;
            color: inherit !important;
        }
    </style>

<p>Les hommes et les pays font commerce depuis qu’ils existent, pour vivre et s’enrichir autant que possible. Cette réalité économique revêt toutes les formes imaginables, prenant pour décor la foire locale ou le monde entier. Colbert définissait le commerce comme une “ guerre d’argent ”. Il s’ensuit le pire et le meilleur. Cliquez sur une citation pour [&#8230;]</p>
